CRAN Package Check Results for Package ipfp

Last updated on 2021-11-28 07:50:46 CET.

Flavor Version Tinstall Tcheck Ttotal Status Flags
r-devel-linux-x86_64-debian-clang 1.0.1 OK
r-devel-linux-x86_64-debian-gcc 1.0.1 1.73 14.69 16.42 OK
r-devel-linux-x86_64-fedora-clang 1.0.1 37.11 NOTE
r-devel-linux-x86_64-fedora-gcc 1.0.1 26.00 NOTE
r-devel-windows-x86_64-new-UL 1.0.1 10.00 52.00 62.00 OK
r-devel-windows-x86_64-new-TK 1.0.1 OK
r-devel-windows-x86_64-old 1.0.1 5.00 33.00 38.00 OK
r-patched-linux-x86_64 1.0.1 2.38 17.71 20.09 OK
r-patched-solaris-x86 1.0.1 39.80 OK
r-release-linux-x86_64 1.0.1 2.24 17.94 20.18 OK
r-release-macos-arm64 1.0.1 OK
r-release-macos-x86_64 1.0.1 OK
r-release-windows-ix86+x86_64 1.0.1 7.00 30.00 37.00 OK
r-oldrel-macos-x86_64 1.0.1 OK
r-oldrel-windows-ix86+x86_64 1.0.1 6.00 31.00 37.00 OK

Check Details

Version: 1.0.1
Check: compiled code
Result: NOTE
    File ‘ipfp/libs/ipfp.so’:
     Found no calls to: ‘R_registerRoutines’, ‘R_useDynamicSymbols’
    
    It is good practice to register native routines and to disable symbol
    search.
    
    See ‘Writing portable packages’ in the ‘Writing R Extensions’ manual.
Flavors: r-devel-linux-x86_64-fedora-clang, r-devel-linux-x86_64-fedora-gcc