CRAN Package Check Results for Package intkrige

Last updated on 2024-03-01 19:49:01 CET.

Flavor Version Tinstall Tcheck Ttotal Status Flags
r-devel-linux-x86_64-debian-clang 1.0.1 82.86 457.06 539.92 NOTE
r-devel-linux-x86_64-debian-gcc 1.0.1 73.01 349.08 422.09 NOTE
r-devel-linux-x86_64-fedora-clang 1.0.1 670.83 NOTE
r-devel-linux-x86_64-fedora-gcc 1.0.1 689.09 NOTE
r-devel-windows-x86_64 1.0.1 69.00 329.00 398.00 NOTE
r-patched-linux-x86_64 1.0.1 86.06 452.03 538.09 NOTE
r-release-linux-x86_64 1.0.1 92.57 450.39 542.96 NOTE
r-release-macos-arm64 1.0.1 189.00 NOTE
r-release-macos-x86_64 1.0.1 366.00 NOTE
r-release-windows-x86_64 1.0.1 93.00 449.00 542.00 NOTE
r-oldrel-macos-arm64 1.0.1 152.00 OK
r-oldrel-windows-x86_64 1.0.1 90.00 423.00 513.00 OK

Check Details

Version: 1.0.1
Check: C++ specification
Result: NOTE Specified C++11: please drop specification unless essential Flavors: r-devel-linux-x86_64-debian-clang, r-devel-linux-x86_64-debian-gcc, r-devel-linux-x86_64-fedora-clang, r-devel-linux-x86_64-fedora-gcc, r-devel-windows-x86_64, r-patched-linux-x86_64, r-release-linux-x86_64, r-release-macos-arm64, r-release-macos-x86_64, r-release-windows-x86_64