Last updated on 2023-02-04 12:57:19 CET.
Flavor | Version | Tinstall | Tcheck | Ttotal | Status | Flags |
---|---|---|---|---|---|---|
r-devel-linux-x86_64-debian-clang | 0.1.1 | 12.67 | 203.12 | 215.79 | OK | |
r-devel-linux-x86_64-debian-gcc | 0.1.1 | 8.31 | 149.26 | 157.57 | OK | |
r-devel-linux-x86_64-fedora-clang | 0.1.1 | 260.27 | NOTE | |||
r-devel-linux-x86_64-fedora-gcc | 0.1.1 | 263.80 | NOTE | |||
r-devel-windows-x86_64 | 0.1.1 | 84.00 | 284.00 | 368.00 | OK | |
r-patched-linux-x86_64 | 0.1.1 | 12.03 | 191.35 | 203.38 | OK | |
r-release-linux-x86_64 | 0.1.1 | 9.40 | 163.10 | 172.50 | OK | |
r-release-macos-arm64 | 0.1.1 | 66.00 | NOTE | |||
r-release-macos-x86_64 | 0.1.1 | 140.00 | NOTE | |||
r-release-windows-x86_64 | 0.1.1 | 119.00 | 262.00 | 381.00 | OK | |
r-oldrel-macos-arm64 | 0.1.1 | 72.00 | NOTE | |||
r-oldrel-macos-x86_64 | 0.1.1 | 103.00 | NOTE | |||
r-oldrel-windows-ix86+x86_64 | 0.1.1 | 28.00 | 256.00 | 284.00 | OK |
Version: 0.1.1
Check: dependencies in R code
Result: NOTE
Namespace in Imports field not imported from: ‘moonBook’
All declared Imports should be used.
Flavors: r-devel-linux-x86_64-fedora-clang, r-devel-linux-x86_64-fedora-gcc, r-release-macos-arm64, r-release-macos-x86_64, r-oldrel-macos-arm64, r-oldrel-macos-x86_64