CRAN Package Check Results for Package interplot

Last updated on 2019-12-07 08:49:29 CET.

Flavor Version Tinstall Tcheck Ttotal Status Flags
r-devel-linux-x86_64-debian-clang 0.2.2 13.69 128.58 142.27 OK
r-devel-linux-x86_64-debian-gcc 0.2.2 11.41 94.64 106.05 OK
r-devel-linux-x86_64-fedora-clang 0.2.2 153.71 NOTE
r-devel-linux-x86_64-fedora-gcc 0.2.2 152.26 NOTE
r-devel-windows-ix86+x86_64 0.2.2 24.00 168.00 192.00 OK
r-devel-windows-ix86+x86_64-gcc8 0.2.2 25.00 124.00 149.00 OK
r-patched-linux-x86_64 0.2.2 11.47 110.12 121.59 OK
r-patched-solaris-x86 0.2.2 208.90 NOTE
r-release-linux-x86_64 0.2.2 11.65 112.41 124.06 OK
r-release-windows-ix86+x86_64 0.2.2 23.00 127.00 150.00 OK
r-release-osx-x86_64 0.2.2 NOTE
r-oldrel-windows-ix86+x86_64 0.2.2 17.00 118.00 135.00 OK
r-oldrel-osx-x86_64 0.2.2 NOTE

Check Details

Version: 0.2.2
Check: dependencies in R code
Result: NOTE
    Namespace in Imports field not imported from: ‘gridExtra’
     All declared Imports should be used.
Flavors: r-devel-linux-x86_64-fedora-clang, r-devel-linux-x86_64-fedora-gcc, r-patched-solaris-x86, r-release-osx-x86_64, r-oldrel-osx-x86_64