CRAN Package Check Results for Package interplot

Last updated on 2019-08-21 10:47:29 CEST.

Flavor Version Tinstall Tcheck Ttotal Status Flags
r-devel-linux-x86_64-debian-clang 0.2.1 12.21 113.79 126.00 OK
r-devel-linux-x86_64-debian-gcc 0.2.1 10.31 85.97 96.28 OK
r-devel-linux-x86_64-fedora-clang 0.2.1 146.81 NOTE
r-devel-linux-x86_64-fedora-gcc 0.2.1 144.46 NOTE
r-devel-windows-ix86+x86_64 0.2.1 34.00 178.00 212.00 OK
r-patched-linux-x86_64 0.2.1 11.74 109.02 120.76 OK
r-patched-solaris-x86 0.2.1 207.20 NOTE
r-release-linux-x86_64 0.2.1 11.46 107.48 118.94 OK
r-release-windows-ix86+x86_64 0.2.1 20.00 116.00 136.00 OK
r-release-osx-x86_64 0.2.1 NOTE
r-oldrel-windows-ix86+x86_64 0.2.1 23.00 172.00 195.00 OK
r-oldrel-osx-x86_64 0.2.1 NOTE

Check Details

Version: 0.2.1
Check: dependencies in R code
Result: NOTE
    Namespace in Imports field not imported from: ‘gridExtra’
     All declared Imports should be used.
Flavors: r-devel-linux-x86_64-fedora-clang, r-devel-linux-x86_64-fedora-gcc, r-patched-solaris-x86, r-release-osx-x86_64, r-oldrel-osx-x86_64