CRAN Package Check Results for Package interp

Last updated on 2022-01-20 19:50:57 CET.

Flavor Version Tinstall Tcheck Ttotal Status Flags
r-devel-linux-x86_64-debian-clang 1.0-33 OK
r-devel-linux-x86_64-debian-gcc 1.0-33 87.86 39.70 127.56 OK
r-devel-linux-x86_64-fedora-clang 1.0-33 223.73 NOTE
r-devel-linux-x86_64-fedora-gcc 1.0-33 206.69 OK
r-devel-windows-x86_64-new-UL 1.0-33 104.00 100.00 204.00 OK
r-devel-windows-x86_64-new-TK 1.0-33 OK
r-patched-linux-x86_64 1.0-33 104.15 49.87 154.02 OK
r-release-linux-x86_64 1.0-33 100.94 49.66 150.60 OK
r-release-macos-arm64 1.0-33 NOTE
r-release-macos-x86_64 1.0-33 NOTE
r-release-windows-ix86+x86_64 1.0-33 231.00 105.00 336.00 OK
r-oldrel-macos-x86_64 1.0-33 NOTE
r-oldrel-windows-ix86+x86_64 1.0-33 233.00 101.00 334.00 OK

Check Details

Version: 1.0-33
Check: installed package size
Result: NOTE
     installed size is 24.9Mb
     sub-directories of 1Mb or more:
     libs 24.6Mb
Flavors: r-devel-linux-x86_64-fedora-clang, r-release-macos-arm64, r-release-macos-x86_64, r-oldrel-macos-x86_64

Version: 1.0-33
Check: Rd cross-references
Result: NOTE
    Undeclared packages ‘RcppEigen’, ‘tripack’ in Rd xrefs
Flavor: r-devel-linux-x86_64-fedora-clang