CRAN Package Check Results for Package interactions

Last updated on 2024-03-03 19:56:25 CET.

Flavor Version Tinstall Tcheck Ttotal Status Flags
r-devel-linux-x86_64-debian-clang 1.1.5 8.76 288.73 297.49 OK
r-devel-linux-x86_64-debian-gcc 1.1.5 7.83 208.13 215.96 OK
r-devel-linux-x86_64-fedora-clang 1.1.5 349.10 NOTE
r-devel-linux-x86_64-fedora-gcc 1.1.5 401.09 OK
r-devel-windows-x86_64 1.1.5 11.00 201.00 212.00 OK
r-patched-linux-x86_64 1.1.5 16.12 275.74 291.86 OK
r-release-linux-x86_64 1.1.5 9.17 276.22 285.39 NOTE
r-release-macos-arm64 1.1.5 111.00 OK
r-release-macos-x86_64 1.1.5 192.00 OK
r-release-windows-x86_64 1.1.5 12.00 287.00 299.00 OK
r-oldrel-macos-arm64 1.1.5 95.00 OK
r-oldrel-windows-x86_64 1.1.5 14.00 271.00 285.00 OK

Check Details

Version: 1.1.5
Check: Rd cross-references
Result: NOTE Undeclared packages ‘quantreg’, ‘effects’, ‘Hmisc’, ‘rockchalk’, ‘pequod’ in Rd xrefs Flavor: r-devel-linux-x86_64-fedora-clang

Version: 1.1.5
Check: package dependencies
Result: NOTE Package which this enhances but not available for checking: ‘rstanarm’ Flavor: r-release-linux-x86_64