CRAN Package Check Results for Package interactions

Last updated on 2021-11-30 07:49:55 CET.

Flavor Version Tinstall Tcheck Ttotal Status Flags
r-devel-linux-x86_64-debian-clang 1.1.5 9.05 262.37 271.42 OK
r-devel-linux-x86_64-debian-gcc 1.1.5 7.98 188.46 196.44 OK
r-devel-linux-x86_64-fedora-clang 1.1.5 314.40 NOTE
r-devel-linux-x86_64-fedora-gcc 1.1.5 317.65 OK
r-devel-windows-x86_64-new-UL 1.1.5 21.00 320.00 341.00 OK
r-devel-windows-x86_64-new-TK 1.1.5 OK
r-devel-windows-x86_64-old 1.1.5 15.00 216.00 231.00 OK
r-patched-linux-x86_64 1.1.5 13.79 239.28 253.07 OK
r-patched-solaris-x86 1.1.5 338.30 OK
r-release-linux-x86_64 1.1.5 8.46 243.95 252.41 OK
r-release-macos-arm64 1.1.5 OK
r-release-macos-x86_64 1.1.5 OK
r-release-windows-ix86+x86_64 1.1.5 20.00 223.00 243.00 OK
r-oldrel-macos-x86_64 1.1.5 OK
r-oldrel-windows-ix86+x86_64 1.1.5 15.00 237.00 252.00 OK

Check Details

Version: 1.1.5
Check: Rd cross-references
Result: NOTE
    Undeclared packages ‘quantreg’, ‘effects’, ‘Hmisc’, ‘rockchalk’, ‘pequod’ in Rd xrefs
Flavor: r-devel-linux-x86_64-fedora-clang