Last updated on 2023-03-30 08:53:40 CEST.
Flavor | Version | Tinstall | Tcheck | Ttotal | Status | Flags |
---|---|---|---|---|---|---|
r-devel-linux-x86_64-debian-clang | 1.0.0 | 6.10 | 79.55 | 85.65 | OK | |
r-devel-linux-x86_64-debian-gcc | 1.0.0 | 6.15 | 62.99 | 69.14 | OK | |
r-devel-linux-x86_64-fedora-clang | 1.0.0 | 109.09 | OK | |||
r-devel-linux-x86_64-fedora-gcc | 1.0.0 | 116.47 | OK | |||
r-devel-windows-x86_64 | 1.0.0 | 23.00 | 0.00 | 23.00 | OK | |
r-patched-linux-x86_64 | 1.0.0 | 6.49 | 77.01 | 83.50 | OK | |
r-release-linux-x86_64 | 1.0.0 | 4.74 | 80.04 | 84.78 | OK | |
r-release-macos-arm64 | 1.0.0 | 32.00 | OK | |||
r-release-macos-x86_64 | 1.0.0 | 73.00 | OK | |||
r-release-windows-x86_64 | 1.0.0 | 26.00 | 120.00 | 146.00 | OK | |
r-oldrel-macos-arm64 | 1.0.0 | 61.00 | OK | |||
r-oldrel-macos-x86_64 | 1.0.0 | 54.00 | OK | |||
r-oldrel-windows-ix86+x86_64 | 1.0.0 | 21.00 | 148.00 | 169.00 | NOTE |
Version: 1.0.0
Check: R code for possible problems
Result: NOTE
Initiating curl with CURL_SSL_BACKEND: openssl
Flavor: r-oldrel-windows-ix86+x86_64