CRAN Package Check Results for Package inpdfr

Last updated on 2021-12-01 19:51:39 CET.

Flavor Version Tinstall Tcheck Ttotal Status Flags
r-devel-linux-x86_64-debian-clang 0.1.11 6.72 61.32 68.04 OK
r-devel-linux-x86_64-debian-gcc 0.1.11 5.24 45.56 50.80 OK
r-devel-linux-x86_64-fedora-clang 0.1.11 90.84 NOTE
r-devel-linux-x86_64-fedora-gcc 0.1.11 77.95 NOTE
r-devel-windows-x86_64-new-UL 0.1.11 17.00 116.00 133.00 OK
r-devel-windows-x86_64-new-TK 0.1.11 NOTE
r-devel-windows-x86_64-old 0.1.11 12.00 69.00 81.00 OK
r-patched-linux-x86_64 0.1.11 6.80 55.49 62.29 OK
r-patched-solaris-x86 0.1.11 113.70 NOTE
r-release-linux-x86_64 0.1.11 6.28 55.67 61.95 OK
r-release-macos-arm64 0.1.11 NOTE
r-release-macos-x86_64 0.1.11 NOTE
r-release-windows-ix86+x86_64 0.1.11 19.00 67.00 86.00 OK
r-oldrel-macos-x86_64 0.1.11 NOTE
r-oldrel-windows-ix86+x86_64 0.1.11 13.00 84.00 97.00 OK

Check Details

Version: 0.1.11
Check: dependencies in R code
Result: NOTE
    Namespace in Imports field not imported from: ‘ca’
     All declared Imports should be used.
Flavors: r-devel-linux-x86_64-fedora-clang, r-devel-linux-x86_64-fedora-gcc, r-devel-windows-x86_64-new-TK, r-patched-solaris-x86, r-release-macos-arm64, r-release-macos-x86_64, r-oldrel-macos-x86_64