CRAN Package Check Results for Package inline

Last updated on 2022-01-23 19:48:32 CET.

Flavor Version Tinstall Tcheck Ttotal Status Flags
r-devel-linux-x86_64-debian-clang 0.3.19 2.40 68.81 71.21 OK
r-devel-linux-x86_64-debian-gcc 0.3.19 2.47 51.91 54.38 OK
r-devel-linux-x86_64-fedora-clang 0.3.19 88.84 OK
r-devel-linux-x86_64-fedora-gcc 0.3.19 71.50 OK
r-devel-windows-x86_64-new-UL 0.3.19 24.00 117.00 141.00 OK
r-devel-windows-x86_64-new-TK 0.3.19 OK
r-patched-linux-x86_64 0.3.19 2.79 60.63 63.42 OK
r-release-linux-x86_64 0.3.19 2.94 60.53 63.47 OK
r-release-macos-arm64 0.3.19 OK
r-release-macos-x86_64 0.3.19 ERROR
r-release-windows-ix86+x86_64 0.3.19 11.00 90.00 101.00 OK
r-oldrel-macos-x86_64 0.3.19 OK
r-oldrel-windows-ix86+x86_64 0.3.19 15.00 96.00 111.00 OK

Check Details

Version: 0.3.19
Check: tests
Result: ERROR
     Running ‘tinytest.R’ [13s/18s]
    Running the tests in ‘tests/tinytest.R’ failed.
    Last 13 lines of output:
     test_utilities.R.............. 10 tests <1b>[0;31m1 fails<1b>[0m
     test_utilities.R.............. 10 tests <1b>[0;31m1 fails<1b>[0m
     test_utilities.R.............. 11 tests <1b>[0;31m1 fails<1b>[0m
     test_utilities.R.............. 11 tests <1b>[0;31m1 fails<1b>[0m
     test_utilities.R.............. 11 tests <1b>[0;31m1 fails<1b>[0m
     test_utilities.R.............. 11 tests <1b>[0;31m1 fails<1b>[0m
     test_utilities.R.............. 11 tests <1b>[0;31m1 fails<1b>[0m
     test_utilities.R.............. 12 tests <1b>[0;31m1 fails<1b>[0m
     test_utilities.R.............. 13 tests <1b>[0;31m1 fails<1b>[0m <1b>[0;34m3.1s<1b>[0m
     ----- FAILED[xcpt]: test_utilities.R<39--42>
     call| expect_error(moveDLL(quadfn, name = "testname", directory = tempdir(),
     call| --> unload = TRUE, overwrite = TRUE), "file can not be copied both 'from' and 'to'")
     diff| No error
     Error: 1 out of 30 tests failed
     Execution halted
Flavor: r-release-macos-x86_64