CRAN Package Check Results for Package inlabru

Last updated on 2021-10-27 08:56:07 CEST.

Flavor Version Tinstall Tcheck Ttotal Status Flags
r-devel-linux-x86_64-debian-clang 2.3.1 21.23 199.99 221.22 NOTE
r-devel-linux-x86_64-debian-gcc 2.3.1 16.23 148.85 165.08 NOTE
r-devel-linux-x86_64-fedora-clang 2.3.1 347.62 OK
r-devel-linux-x86_64-fedora-gcc 2.3.1 339.33 OK
r-devel-windows-x86_64 2.3.1 32.00 251.00 283.00 OK
r-devel-windows-x86_64-gcc10-UCRT 2.3.1 NOTE
r-patched-linux-x86_64 2.3.1 26.29 191.30 217.59 NOTE
r-patched-solaris-x86 2.3.1 324.30 NOTE
r-release-linux-x86_64 2.3.1 19.52 191.08 210.60 NOTE
r-release-macos-arm64 2.3.1 NOTE
r-release-macos-x86_64 2.3.1 NOTE
r-release-windows-ix86+x86_64 2.3.1 27.00 266.00 293.00 OK
r-oldrel-macos-x86_64 2.3.1 NOTE
r-oldrel-windows-ix86+x86_64 2.3.1 43.00 254.00 297.00 OK

Check Details

Version: 2.3.1
Check: package dependencies
Result: NOTE
    Package suggested but not available for checking: 'INLA'
Flavors: r-devel-linux-x86_64-debian-clang, r-devel-linux-x86_64-debian-gcc, r-devel-windows-x86_64-gcc10-UCRT, r-patched-linux-x86_64, r-patched-solaris-x86, r-release-linux-x86_64, r-release-macos-arm64, r-release-macos-x86_64, r-oldrel-macos-x86_64