CRAN Package Check Results for Package infraFDTD.assist

Last updated on 2021-12-02 08:51:12 CET.

Flavor Version Tinstall Tcheck Ttotal Status Flags
r-devel-linux-x86_64-debian-clang 0.6 2.10 25.70 27.80 NOTE
r-devel-linux-x86_64-debian-gcc 0.6 2.09 19.91 22.00 NOTE
r-devel-linux-x86_64-fedora-clang 0.6 44.73 NOTE
r-devel-linux-x86_64-fedora-gcc 0.6 33.94 NOTE
r-devel-windows-x86_64-new-UL 0.6 6.00 60.00 66.00 OK
r-devel-windows-x86_64-new-TK 0.6 OK
r-devel-windows-x86_64-old 0.6 6.00 34.00 40.00 OK
r-patched-linux-x86_64 0.6 2.42 23.83 26.25 NOTE
r-patched-solaris-x86 0.6 54.40 NOTE
r-release-linux-x86_64 0.6 2.78 24.01 26.79 NOTE
r-release-macos-arm64 0.6 OK
r-release-macos-x86_64 0.6 OK
r-release-windows-ix86+x86_64 0.6 6.00 46.00 52.00 OK
r-oldrel-macos-x86_64 0.6 OK
r-oldrel-windows-ix86+x86_64 0.6 6.00 47.00 53.00 OK

Check Details

Version: 0.6
Check: for non-standard things in the check directory
Result: NOTE
    Found the following files/directories:
     'c.txt' 'rho.txt' 'sta.txt' 'topo.txt'
Flavors: r-devel-linux-x86_64-debian-clang, r-devel-linux-x86_64-debian-gcc, r-devel-linux-x86_64-fedora-clang, r-devel-linux-x86_64-fedora-gcc, r-patched-linux-x86_64, r-patched-solaris-x86, r-release-linux-x86_64