CRAN Package Check Results for Package infoDecompuTE

Last updated on 2021-09-22 08:50:13 CEST.

Flavor Version Tinstall Tcheck Ttotal Status Flags
r-devel-linux-x86_64-debian-clang 0.6.2 4.53 35.00 39.53 OK
r-devel-linux-x86_64-debian-gcc 0.6.2 3.40 27.11 30.51 OK
r-devel-linux-x86_64-fedora-clang 0.6.2 56.20 OK
r-devel-linux-x86_64-fedora-gcc 0.6.2 46.11 OK
r-devel-windows-x86_64 0.6.2 6.00 39.00 45.00 OK
r-devel-windows-x86_64-gcc10-UCRT 0.6.2 ERROR
r-patched-linux-x86_64 0.6.2 4.75 33.98 38.73 OK
r-patched-solaris-x86 0.6.2 63.50 OK
r-release-linux-x86_64 0.6.2 5.21 33.99 39.20 OK
r-release-macos-arm64 0.6.2 OK
r-release-macos-x86_64 0.6.2 OK
r-release-windows-ix86+x86_64 0.6.2 8.00 38.00 46.00 OK
r-oldrel-macos-x86_64 0.6.2 OK
r-oldrel-windows-ix86+x86_64 0.6.2 8.00 41.00 49.00 OK

Check Details

Version: 0.6.2
Check: PDF version of manual
Result: WARN
    LaTeX errors when creating PDF version.
    This typically indicates Rd problems.
Flavor: r-devel-windows-x86_64-gcc10-UCRT

Version: 0.6.2
Check: PDF version of manual without hyperrefs or index
Result: ERROR
    Re-running with no redirection of stdout/stderr.
Flavor: r-devel-windows-x86_64-gcc10-UCRT