CRAN Package Check Results for Package influenceR

Last updated on 2020-07-14 09:50:34 CEST.

Flavor Version Tinstall Tcheck Ttotal Status Flags
r-devel-linux-x86_64-debian-clang 0.1.0 4.72 31.26 35.98 OK
r-devel-linux-x86_64-debian-gcc 0.1.0 3.27 23.37 26.64 OK
r-devel-linux-x86_64-fedora-clang 0.1.0 50.77 NOTE
r-devel-linux-x86_64-fedora-gcc 0.1.0 41.80 NOTE
r-devel-windows-ix86+x86_64 0.1.0 17.00 75.00 92.00 OK
r-patched-linux-x86_64 0.1.0 4.24 29.16 33.40 OK
r-patched-solaris-x86 0.1.0 61.90 OK
r-release-linux-x86_64 0.1.0 3.59 28.88 32.47 OK
r-release-macos-x86_64 0.1.0 ERROR
r-release-windows-ix86+x86_64 0.1.0 16.00 54.00 70.00 OK
r-oldrel-macos-x86_64 0.1.0 OK
r-oldrel-windows-ix86+x86_64 0.1.0 15.00 69.00 84.00 OK

Additional issues

rchk

Check Details

Version: 0.1.0
Check: compiled code
Result: NOTE
    File ‘influenceR/libs/influenceR.so’:
     Found no calls to: ‘R_registerRoutines’, ‘R_useDynamicSymbols’
    
    It is good practice to register native routines and to disable symbol
    search.
    
    See ‘Writing portable packages’ in the ‘Writing R Extensions’ manual.
Flavors: r-devel-linux-x86_64-fedora-clang, r-devel-linux-x86_64-fedora-gcc

Version: 0.1.0
Check: whether package can be installed
Result: ERROR
    Installation failed.
Flavor: r-release-macos-x86_64