Last updated on 2023-01-27 08:52:39 CET.
Flavor | Version | Tinstall | Tcheck | Ttotal | Status | Flags |
---|---|---|---|---|---|---|
r-devel-linux-x86_64-debian-clang | 0.1.0 | 6.72 | 60.14 | 66.86 | OK | |
r-devel-linux-x86_64-debian-gcc | 0.1.0 | 5.64 | 43.89 | 49.53 | OK | |
r-devel-linux-x86_64-fedora-clang | 0.1.0 | 90.46 | NOTE | |||
r-devel-linux-x86_64-fedora-gcc | 0.1.0 | 86.56 | NOTE | |||
r-devel-windows-x86_64 | 0.1.0 | 37.00 | 90.00 | 127.00 | OK | |
r-patched-linux-x86_64 | 0.1.0 | 6.59 | 55.85 | 62.44 | OK | |
r-release-linux-x86_64 | 0.1.0 | 5.04 | 57.82 | 62.86 | OK | |
r-release-macos-arm64 | 0.1.0 | 26.00 | NOTE | |||
r-release-macos-x86_64 | 0.1.0 | 47.00 | NOTE | |||
r-release-windows-x86_64 | 0.1.0 | 47.00 | 99.00 | 146.00 | OK | |
r-oldrel-macos-arm64 | 0.1.0 | 30.00 | NOTE | |||
r-oldrel-macos-x86_64 | 0.1.0 | 37.00 | NOTE | |||
r-oldrel-windows-ix86+x86_64 | 0.1.0 | 18.00 | 85.00 | 103.00 | OK |
Version: 0.1.0
Check: data for non-ASCII characters
Result: NOTE
Note: found 2 marked UTF-8 strings
Flavors: r-devel-linux-x86_64-fedora-clang, r-devel-linux-x86_64-fedora-gcc, r-release-macos-arm64, r-release-macos-x86_64, r-oldrel-macos-arm64, r-oldrel-macos-x86_64