CRAN Package Check Results for Package individual

Last updated on 2021-12-03 19:50:14 CET.

Flavor Version Tinstall Tcheck Ttotal Status Flags
r-devel-linux-x86_64-debian-clang 0.1.7 113.74 44.97 158.71 OK
r-devel-linux-x86_64-debian-gcc 0.1.7 92.15 35.56 127.71 OK
r-devel-linux-x86_64-fedora-clang 0.1.7 286.20 NOTE
r-devel-linux-x86_64-fedora-gcc 0.1.7 238.30 OK
r-devel-windows-x86_64-new-UL 0.1.7 148.00 134.00 282.00 OK
r-devel-windows-x86_64-new-TK 0.1.7 OK
r-devel-windows-x86_64-old 0.1.7 148.00 68.00 216.00 OK
r-patched-linux-x86_64 0.1.7 107.93 45.34 153.27 OK
r-release-linux-x86_64 0.1.7 106.09 46.15 152.24 OK
r-release-macos-arm64 0.1.7 NOTE
r-release-macos-x86_64 0.1.7 NOTE
r-release-windows-ix86+x86_64 0.1.7 278.00 107.00 385.00 OK
r-oldrel-macos-x86_64 0.1.7 NOTE
r-oldrel-windows-ix86+x86_64 0.1.7 282.00 108.00 390.00 OK

Check Details

Version: 0.1.7
Check: installed package size
Result: NOTE
     installed size is 10.1Mb
     sub-directories of 1Mb or more:
     libs 8.8Mb
Flavors: r-devel-linux-x86_64-fedora-clang, r-release-macos-arm64, r-release-macos-x86_64, r-oldrel-macos-x86_64