Last updated on 2023-01-31 19:56:25 CET.
Flavor | Version | Tinstall | Tcheck | Ttotal | Status | Flags |
---|---|---|---|---|---|---|
r-devel-linux-x86_64-debian-clang | 3.0.3 | 9.10 | 68.83 | 77.93 | NOTE | |
r-devel-linux-x86_64-debian-gcc | 3.0.3 | 6.52 | 60.56 | 67.08 | NOTE | |
r-devel-linux-x86_64-fedora-clang | 3.0.3 | 115.20 | NOTE | |||
r-devel-linux-x86_64-fedora-gcc | 3.0.3 | 110.17 | NOTE | |||
r-devel-windows-x86_64 | 3.0.3 | 42.00 | 118.00 | 160.00 | NOTE | |
r-patched-linux-x86_64 | 3.0.3 | 4.82 | 65.03 | 69.85 | NOTE | |
r-release-linux-x86_64 | 3.0.3 | 6.58 | 84.57 | 91.15 | NOTE | |
r-release-macos-arm64 | 3.0.3 | 35.00 | NOTE | |||
r-release-macos-x86_64 | 3.0.3 | 60.00 | NOTE | |||
r-release-windows-x86_64 | 3.0.3 | 28.00 | 118.00 | 146.00 | NOTE | |
r-oldrel-macos-arm64 | 3.0.3 | 41.00 | NOTE | |||
r-oldrel-macos-x86_64 | 3.0.3 | 52.00 | NOTE | |||
r-oldrel-windows-ix86+x86_64 | 3.0.3 | 22.00 | 111.00 | 133.00 | NOTE |
Version: 3.0.3
Check: LazyData
Result: NOTE
'LazyData' is specified without a 'data' directory
Flavors: r-devel-linux-x86_64-debian-clang, r-devel-linux-x86_64-debian-gcc, r-devel-linux-x86_64-fedora-clang, r-devel-linux-x86_64-fedora-gcc, r-devel-windows-x86_64, r-patched-linux-x86_64, r-release-linux-x86_64, r-release-macos-arm64, r-release-macos-x86_64, r-release-windows-x86_64, r-oldrel-macos-arm64, r-oldrel-macos-x86_64, r-oldrel-windows-ix86+x86_64