Last updated on 2023-10-03 09:08:20 CEST.
Flavor | Version | Tinstall | Tcheck | Ttotal | Status | Flags |
---|---|---|---|---|---|---|
r-devel-linux-x86_64-debian-clang | 1.2.0 | 3.73 | 31.87 | 35.60 | OK | |
r-devel-linux-x86_64-debian-gcc | 1.2.0 | 3.02 | 24.41 | 27.43 | OK | |
r-devel-linux-x86_64-fedora-clang | 1.2.0 | 43.48 | NOTE | |||
r-devel-linux-x86_64-fedora-gcc | 1.2.0 | 54.14 | NOTE | |||
r-devel-windows-x86_64 | 1.2.0 | 5.00 | 47.00 | 52.00 | OK | |
r-patched-linux-x86_64 | 1.2.0 | 2.43 | 30.86 | 33.29 | OK | |
r-release-linux-x86_64 | 1.2.0 | 2.69 | 30.43 | 33.12 | OK | |
r-release-macos-arm64 | 1.2.0 | 25.00 | OK | |||
r-release-macos-x86_64 | 1.2.0 | 36.00 | OK | |||
r-release-windows-x86_64 | 1.2.0 | 6.00 | 48.00 | 54.00 | OK | |
r-oldrel-macos-arm64 | 1.2.0 | 19.00 | OK | |||
r-oldrel-macos-x86_64 | 1.2.0 | 25.00 | OK | |||
r-oldrel-windows-x86_64 | 1.2.0 | 6.00 | 50.00 | 56.00 | OK |
Version: 1.2.0
Check: dependencies in R code
Result: NOTE
Namespaces in Imports field not imported from:
‘data.table’ ‘dplyr’ ‘haven’
All declared Imports should be used.
Flavors: r-devel-linux-x86_64-fedora-clang, r-devel-linux-x86_64-fedora-gcc