CRAN Package Check Results for Package impactr

Last updated on 2021-10-27 08:56:07 CEST.

Flavor Version Tinstall Tcheck Ttotal Status Flags
r-devel-linux-x86_64-debian-clang 0.2.0 34.40 48.99 83.39 OK
r-devel-linux-x86_64-debian-gcc 0.2.0 22.43 37.84 60.27 OK
r-devel-linux-x86_64-fedora-clang 0.2.0 122.27 OK
r-devel-linux-x86_64-fedora-gcc 0.2.0 100.50 OK
r-devel-windows-x86_64 0.2.0 46.00 95.00 141.00 OK
r-devel-windows-x86_64-gcc10-UCRT 0.2.0 OK
r-patched-linux-x86_64 0.2.0 26.70 47.82 74.52 OK
r-patched-solaris-x86 0.2.0 119.80 OK
r-release-linux-x86_64 0.2.0 27.22 47.60 74.82 OK
r-release-macos-arm64 0.2.0 OK
r-release-macos-x86_64 0.2.0 OK
r-release-windows-ix86+x86_64 0.2.0 51.00 105.00 156.00 OK
r-oldrel-macos-x86_64 0.2.0 ERROR
r-oldrel-windows-ix86+x86_64 0.2.0 86.00 120.00 206.00 ERROR

Check Details

Version: 0.2.0
Check: tests
Result: ERROR
     Running ‘testthat.R’ [2s/2s]
    Running the tests in ‘tests/testthat.R’ failed.
    Complete output:
     > library(testthat)
     > library(impactr)
     >
     > test_check("impactr")
     Error in parse(con, n = -1, srcfile = srcfile, encoding = "UTF-8") :
     test-signal_processing.R:25:11: unexpected '>'
     24: expect_error(
     25: data |>
     ^
     Calls: test_check ... doTryCatch -> lapply -> FUN -> source_file -> parse
     Execution halted
Flavor: r-oldrel-macos-x86_64

Version: 0.2.0
Check: for unstated dependencies in ‘tests’
Result: WARN
    Warning: parse error in file 'testthat/test-signal_processing.R':
    25:11: unexpected '>'
    24: expect_error(
    25: data |>
     ^
    Warning: parse error in file 'testthat/test-utils.R':
    22:11: unexpected '>'
    21: expect_error(
    22: data |>
     ^
Flavor: r-oldrel-windows-ix86+x86_64

Version: 0.2.0
Check: running tests for arch ‘i386’
Result: ERROR
     Running 'testthat.R' [6s]
    Running the tests in 'tests/testthat.R' failed.
    Complete output:
     > library(testthat)
     > library(impactr)
     >
     > test_check("impactr")
     Error in parse(con, n = -1, srcfile = srcfile, encoding = "UTF-8") :
     test-signal_processing.R:25:11: unexpected '>'
     24: expect_error(
     25: data |>
     ^
     Calls: test_check ... doTryCatch -> lapply -> FUN -> source_file -> parse
     Execution halted
Flavor: r-oldrel-windows-ix86+x86_64

Version: 0.2.0
Check: running tests for arch ‘x64’
Result: ERROR
     Running 'testthat.R' [6s]
    Running the tests in 'tests/testthat.R' failed.
    Complete output:
     > library(testthat)
     > library(impactr)
     >
     > test_check("impactr")
     Error in parse(con, n = -1, srcfile = srcfile, encoding = "UTF-8") :
     test-signal_processing.R:25:11: unexpected '>'
     24: expect_error(
     25: data |>
     ^
     Calls: test_check ... doTryCatch -> lapply -> FUN -> source_file -> parse
     Execution halted
Flavor: r-oldrel-windows-ix86+x86_64