CRAN Package Check Results for Package impactflu

Last updated on 2024-02-26 19:50:11 CET.

Flavor Version Tinstall Tcheck Ttotal Status Flags
r-devel-linux-x86_64-debian-clang 0.1.0 35.62 55.25 90.87 NOTE
r-devel-linux-x86_64-debian-gcc 0.1.0 26.93 41.89 68.82 NOTE
r-devel-linux-x86_64-fedora-clang 0.1.0 119.34 NOTE
r-devel-linux-x86_64-fedora-gcc 0.1.0 117.36 NOTE
r-devel-windows-x86_64 0.1.0 29.00 77.00 106.00 NOTE
r-patched-linux-x86_64 0.1.0 39.57 52.74 92.31 NOTE
r-release-linux-x86_64 0.1.0 31.86 52.63 84.49 NOTE
r-release-macos-arm64 0.1.0 35.00 NOTE
r-release-macos-x86_64 0.1.0 57.00 NOTE
r-release-windows-x86_64 0.1.0 36.00 90.00 126.00 NOTE
r-oldrel-macos-arm64 0.1.0 31.00 NOTE
r-oldrel-windows-x86_64 0.1.0 35.00 87.00 122.00 NOTE

Check Details

Version: 0.1.0
Check: LazyData
Result: NOTE 'LazyData' is specified without a 'data' directory Flavors: r-devel-linux-x86_64-debian-clang, r-devel-linux-x86_64-debian-gcc, r-devel-linux-x86_64-fedora-clang, r-devel-linux-x86_64-fedora-gcc, r-devel-windows-x86_64, r-patched-linux-x86_64, r-release-linux-x86_64, r-release-macos-arm64, r-release-macos-x86_64, r-release-windows-x86_64, r-oldrel-macos-arm64, r-oldrel-windows-x86_64