CRAN Package Check Results for Package immer

Last updated on 2021-10-17 12:52:46 CEST.

Flavor Version Tinstall Tcheck Ttotal Status Flags
r-devel-linux-x86_64-debian-clang 1.1-35 95.64 77.74 173.38 OK
r-devel-linux-x86_64-debian-gcc 1.1-35 72.84 59.23 132.07 OK
r-devel-linux-x86_64-fedora-clang 1.1-35 264.27 NOTE
r-devel-linux-x86_64-fedora-gcc 1.1-35 234.25 OK
r-devel-windows-x86_64 1.1-35 132.00 114.00 246.00 OK
r-devel-windows-x86_64-gcc10-UCRT 1.1-35 OK
r-patched-linux-x86_64 1.1-35 86.80 76.61 163.41 OK
r-patched-solaris-x86 1.1-35 246.50 OK
r-release-linux-x86_64 1.1-35 89.24 75.89 165.13 OK
r-release-macos-arm64 1.1-35 NOTE
r-release-macos-x86_64 1.1-35 NOTE
r-release-windows-ix86+x86_64 1.1-35 182.00 135.00 317.00 OK
r-oldrel-macos-x86_64 1.1-35 NOTE
r-oldrel-windows-ix86+x86_64 1.1-35 246.00 154.00 400.00 OK

Check Details

Version: 1.1-35
Check: installed package size
Result: NOTE
     installed size is 5.6Mb
     sub-directories of 1Mb or more:
     libs 4.7Mb
Flavors: r-devel-linux-x86_64-fedora-clang, r-release-macos-arm64, r-release-macos-x86_64, r-oldrel-macos-x86_64

Version: 1.1-35
Check: Rd cross-references
Result: NOTE
    Undeclared package ‘mirt’ in Rd xrefs
Flavor: r-devel-linux-x86_64-fedora-clang