CRAN Package Check Results for Package imfr

Last updated on 2021-09-23 08:51:03 CEST.

Flavor Version Tinstall Tcheck Ttotal Status Flags
r-devel-linux-x86_64-debian-clang 0.1.9.1 4.15 45.04 49.19 OK
r-devel-linux-x86_64-debian-gcc 0.1.9.1 3.29 34.15 37.44 OK
r-devel-linux-x86_64-fedora-clang 0.1.9.1 66.42 OK
r-devel-linux-x86_64-fedora-gcc 0.1.9.1 55.83 OK
r-devel-windows-x86_64 0.1.9.1 6.00 61.00 67.00 OK
r-devel-windows-x86_64-gcc10-UCRT 0.1.9.1 ERROR
r-patched-linux-x86_64 0.1.9.1 4.13 42.58 46.71 OK
r-patched-solaris-x86 0.1.9.1 83.80 OK
r-release-linux-x86_64 0.1.9.1 3.96 42.95 46.91 OK
r-release-macos-arm64 0.1.9.1 OK
r-release-macos-x86_64 0.1.9.1 OK
r-release-windows-ix86+x86_64 0.1.9.1 11.00 56.00 67.00 OK
r-oldrel-macos-x86_64 0.1.9.1 OK
r-oldrel-windows-ix86+x86_64 0.1.9.1 9.00 62.00 71.00 OK

Check Details

Version: 0.1.9.1
Check: PDF version of manual
Result: WARN
    LaTeX errors when creating PDF version.
    This typically indicates Rd problems.
Flavor: r-devel-windows-x86_64-gcc10-UCRT

Version: 0.1.9.1
Check: PDF version of manual without hyperrefs or index
Result: ERROR
    Re-running with no redirection of stdout/stderr.
Flavor: r-devel-windows-x86_64-gcc10-UCRT