CRAN Package Check Results for Package image.textlinedetector

Last updated on 2021-12-07 19:49:47 CET.

Flavor Version Tinstall Tcheck Ttotal Status Flags
r-devel-linux-x86_64-debian-clang 0.1.5 85.32 166.17 251.49 OK
r-devel-linux-x86_64-debian-gcc 0.1.5 59.05 36.42 95.47 OK
r-devel-linux-x86_64-fedora-gcc 0.1.5 251.32 OK
r-devel-windows-x86_64-new-UL 0.1.5 136.00 164.00 300.00 NOTE
r-devel-windows-x86_64-new-TK 0.1.5 OK
r-devel-windows-x86_64-old 0.1.5 130.00 102.00 232.00 NOTE
r-patched-linux-x86_64 0.1.5 72.65 44.71 117.36 OK
r-release-linux-x86_64 0.1.5 72.71 44.68 117.39 OK
r-release-macos-arm64 0.1.5 NOTE
r-release-macos-x86_64 0.1.5 NOTE
r-release-windows-ix86+x86_64 0.1.5 190.00 141.00 331.00 NOTE
r-oldrel-macos-x86_64 0.1.5 NOTE
r-oldrel-windows-ix86+x86_64 0.1.5 237.00 162.00 399.00 NOTE

Check Details

Version: 0.1.5
Check: installed package size
Result: NOTE
     installed size is 21.6Mb
     sub-directories of 1Mb or more:
     libs 10.5Mb
     share 10.2Mb
Flavors: r-devel-windows-x86_64-new-UL, r-devel-windows-x86_64-old, r-release-macos-arm64, r-release-macos-x86_64, r-release-windows-ix86+x86_64, r-oldrel-macos-x86_64, r-oldrel-windows-ix86+x86_64