CRAN Package Check Results for Package image.dlib

Last updated on 2021-09-18 20:51:57 CEST.

Flavor Version Tinstall Tcheck Ttotal Status Flags
r-devel-linux-x86_64-debian-clang 0.1.0 71.45 29.50 100.95 OK
r-devel-linux-x86_64-debian-gcc 0.1.0 49.32 22.52 71.84 OK
r-devel-linux-x86_64-fedora-clang 0.1.0 142.50 NOTE
r-devel-linux-x86_64-fedora-gcc 0.1.0 123.85 OK
r-devel-windows-x86_64 0.1.0 76.00 64.00 140.00 NOTE
r-devel-windows-x86_64-gcc10-UCRT 0.1.0 ERROR
r-patched-linux-x86_64 0.1.0 58.83 27.72 86.55 OK
r-patched-solaris-x86 0.1.0 128.00 NOTE
r-release-linux-x86_64 0.1.0 57.78 27.82 85.60 OK
r-release-macos-arm64 0.1.0 NOTE
r-release-macos-x86_64 0.1.0 NOTE
r-release-windows-ix86+x86_64 0.1.0 177.00 64.00 241.00 NOTE
r-oldrel-macos-x86_64 0.1.0 NOTE
r-oldrel-windows-ix86+x86_64 0.1.0 176.00 68.00 244.00 NOTE

Check Details

Version: 0.1.0
Check: installed package size
Result: NOTE
     installed size is 13.6Mb
     sub-directories of 1Mb or more:
     dlib-19.20 9.3Mb
     libs 3.7Mb
Flavors: r-devel-linux-x86_64-fedora-clang, r-devel-windows-x86_64, r-patched-solaris-x86, r-release-macos-arm64, r-release-macos-x86_64, r-release-windows-ix86+x86_64, r-oldrel-macos-x86_64, r-oldrel-windows-ix86+x86_64

Version: 0.1.0
Check: whether package can be installed
Result: ERROR
    Installation failed.
Flavor: r-devel-windows-x86_64-gcc10-UCRT