CRAN Package Check Results for Package image.CannyEdges

Last updated on 2021-12-03 07:50:22 CET.

Flavor Version Tinstall Tcheck Ttotal Status Flags
r-devel-linux-x86_64-debian-clang 0.1.0 17.04 26.47 43.51 OK
r-devel-linux-x86_64-debian-gcc 0.1.0 12.40 21.16 33.56 OK
r-devel-linux-x86_64-fedora-clang 0.1.0 72.58 OK
r-devel-linux-x86_64-fedora-gcc 0.1.0 58.31 OK
r-devel-windows-x86_64-new-UL 0.1.0 32.00 91.00 123.00 OK
r-devel-windows-x86_64-new-TK 0.1.0 OK
r-devel-windows-x86_64-old 0.1.0 29.00 45.00 74.00 OK
r-patched-linux-x86_64 0.1.0 14.70 25.46 40.16 OK
r-patched-solaris-x86 0.1.0 74.00 OK
r-release-linux-x86_64 0.1.0 15.14 25.95 41.09 OK
r-release-macos-arm64 0.1.0 OK
r-release-macos-x86_64 0.1.0 OK
r-release-windows-ix86+x86_64 0.1.0 50.00 83.00 133.00 NOTE
r-oldrel-macos-x86_64 0.1.0 OK
r-oldrel-windows-ix86+x86_64 0.1.0 51.00 85.00 136.00 NOTE

Check Details

Version: 0.1.0
Check: installed package size
Result: NOTE
     installed size is 5.5Mb
     sub-directories of 1Mb or more:
     extdata 1.7Mb
     libs 3.7Mb
Flavors: r-release-windows-ix86+x86_64, r-oldrel-windows-ix86+x86_64