CRAN Package Check Results for Package ijtiff

Last updated on 2021-09-25 20:50:30 CEST.

Flavor Version Tinstall Tcheck Ttotal Status Flags
r-devel-linux-x86_64-debian-clang 2.2.7 7.46 53.41 60.87 OK
r-devel-linux-x86_64-debian-gcc 2.2.7 5.28 41.14 46.42 OK
r-devel-linux-x86_64-fedora-clang 2.2.7 78.65 OK
r-devel-linux-x86_64-fedora-gcc 2.2.7 69.25 OK
r-devel-windows-x86_64 2.2.7 14.00 65.00 79.00 OK
r-devel-windows-x86_64-gcc10-UCRT 2.2.7 OK
r-patched-linux-x86_64 2.2.7 6.91 53.13 60.04 OK
r-patched-solaris-x86 2.2.7 110.40 OK
r-release-linux-x86_64 2.2.7 6.47 53.18 59.65 OK
r-release-macos-arm64 2.2.7 NOTE
r-release-macos-x86_64 2.2.7 NOTE
r-release-windows-ix86+x86_64 2.2.7 21.00 77.00 98.00 OK
r-oldrel-macos-x86_64 2.2.7 NOTE
r-oldrel-windows-ix86+x86_64 2.2.7 18.00 86.00 104.00 OK

Check Details

Version: 2.2.7
Check: installed package size
Result: NOTE
     installed size is 7.3Mb
     sub-directories of 1Mb or more:
     libs 5.4Mb
Flavors: r-release-macos-arm64, r-release-macos-x86_64, r-oldrel-macos-x86_64