CRAN Package Check Results for Package ihpdr

Last updated on 2023-01-26 19:49:29 CET.

Flavor Version Tinstall Tcheck Ttotal Status Flags
r-devel-linux-x86_64-debian-clang 1.2.1 6.21 58.94 65.15 NOTE
r-devel-linux-x86_64-debian-gcc 1.2.1 5.46 44.53 49.99 NOTE
r-devel-linux-x86_64-fedora-clang 1.2.1 81.44 NOTE
r-devel-linux-x86_64-fedora-gcc 1.2.1 80.11 NOTE
r-devel-windows-x86_64 1.2.1 14.00 84.00 98.00 NOTE
r-patched-linux-x86_64 1.2.1 6.20 58.37 64.57 NOTE
r-release-linux-x86_64 1.2.1 5.75 59.55 65.30 NOTE
r-release-macos-arm64 1.2.1 35.00 NOTE
r-release-macos-x86_64 1.2.1 57.00 NOTE
r-release-windows-x86_64 1.2.1 14.00 92.00 106.00 NOTE
r-oldrel-macos-arm64 1.2.1 35.00 NOTE
r-oldrel-macos-x86_64 1.2.1 55.00 NOTE
r-oldrel-windows-ix86+x86_64 1.2.1 17.00 82.00 99.00 NOTE

Check Details

Version: 1.2.1
Check: LazyData
Result: NOTE
     'LazyData' is specified without a 'data' directory
Flavors: r-devel-linux-x86_64-debian-clang, r-devel-linux-x86_64-debian-gcc, r-devel-linux-x86_64-fedora-clang, r-devel-linux-x86_64-fedora-gcc, r-devel-windows-x86_64, r-patched-linux-x86_64, r-release-linux-x86_64, r-release-macos-arm64, r-release-macos-x86_64, r-release-windows-x86_64, r-oldrel-macos-arm64, r-oldrel-macos-x86_64, r-oldrel-windows-ix86+x86_64