CRAN Package Check Results for Package iheiddown

Last updated on 2021-12-04 07:50:23 CET.

Flavor Version Tinstall Tcheck Ttotal Status Flags
r-devel-linux-x86_64-debian-clang 0.8.6 13.55 119.87 133.42 OK
r-devel-linux-x86_64-debian-gcc 0.8.6 10.12 92.20 102.32 OK
r-devel-linux-x86_64-fedora-clang 0.8.6 166.81 NOTE
r-devel-linux-x86_64-fedora-gcc 0.8.6 154.31 NOTE
r-devel-windows-x86_64-new-UL 0.8.6 33.00 168.00 201.00 OK
r-devel-windows-x86_64-new-TK 0.8.6 NOTE
r-devel-windows-x86_64-old 0.8.6 20.00 113.00 133.00 OK
r-patched-linux-x86_64 0.8.6 11.69 115.75 127.44 OK
r-release-linux-x86_64 0.8.6 11.68 116.42 128.10 OK
r-release-macos-arm64 0.8.6 NOTE
r-release-macos-x86_64 0.8.6 NOTE
r-release-windows-ix86+x86_64 0.8.6 30.00 151.00 181.00 OK
r-oldrel-macos-x86_64 0.8.6 NOTE
r-oldrel-windows-ix86+x86_64 0.8.6 29.00 152.00 181.00 OK

Check Details

Version: 0.8.6
Check: dependencies in R code
Result: NOTE
    Namespace in Imports field not imported from: ‘remotes’
     All declared Imports should be used.
Flavors: r-devel-linux-x86_64-fedora-clang, r-devel-linux-x86_64-fedora-gcc, r-devel-windows-x86_64-new-TK, r-release-macos-arm64, r-release-macos-x86_64, r-oldrel-macos-x86_64