CRAN Package Check Results for Package igraph

Last updated on 2019-11-21 08:49:46 CET.

Flavor Version Tinstall Tcheck Ttotal Status Flags
r-devel-linux-x86_64-debian-clang 1.2.4.1 251.81 256.78 508.59 OK
r-devel-linux-x86_64-debian-gcc 1.2.4.1 162.82 205.92 368.74 OK
r-devel-linux-x86_64-fedora-clang 1.2.4.1 654.43 NOTE
r-devel-linux-x86_64-fedora-gcc 1.2.4.1 613.04 OK
r-devel-windows-ix86+x86_64 1.2.4.1 9.00 8.00 17.00 ERROR
r-devel-windows-ix86+x86_64-gcc8 1.2.4.1 761.00 710.00 1471.00 WARN
r-patched-linux-x86_64 1.2.4.1 179.22 248.00 427.22 OK
r-patched-solaris-x86 1.2.4.1 915.40 NOTE
r-release-linux-x86_64 1.2.4.1 173.59 249.80 423.39 OK
r-release-windows-ix86+x86_64 1.2.4.1 857.00 877.00 1734.00 NOTE
r-release-osx-x86_64 1.2.4.1 NOTE
r-oldrel-windows-ix86+x86_64 1.2.4.1 759.00 825.00 1584.00 NOTE
r-oldrel-osx-x86_64 1.2.4.1 NOTE

Additional issues

LTO

Check Details

Version: 1.2.4.1
Check: installed package size
Result: NOTE
     installed size is 16.5Mb
     sub-directories of 1Mb or more:
     R 1.4Mb
     help 1.1Mb
     libs 13.5Mb
Flavors: r-devel-linux-x86_64-fedora-clang, r-devel-windows-ix86+x86_64-gcc8, r-patched-solaris-x86, r-release-windows-ix86+x86_64, r-release-osx-x86_64, r-oldrel-windows-ix86+x86_64, r-oldrel-osx-x86_64

Version: 1.2.4.1
Check: whether package can be installed
Result: ERROR
    Installation failed.
Flavor: r-devel-windows-ix86+x86_64

Version: 1.2.4.1
Check: whether package can be installed
Result: WARN
    Found the following significant warnings:
     uuid/gen_uuid.c:321:11: warning: ordered comparison of pointer with integer zero [-Wpedantic]
Flavor: r-devel-windows-ix86+x86_64-gcc8

Version: 1.2.4.1
Check: package dependencies
Result: NOTE
    Package suggested but not available for checking: ‘graph’
Flavor: r-release-osx-x86_64