CRAN Package Check Results for Package ie2misc

Last updated on 2021-12-01 07:50:25 CET.

Flavor Version Tinstall Tcheck Ttotal Status Flags
r-devel-linux-x86_64-debian-clang 0.8.6 14.87 89.33 104.20 NOTE
r-devel-linux-x86_64-debian-gcc 0.8.6 12.71 72.47 85.18 NOTE
r-devel-linux-x86_64-fedora-clang 0.8.6 141.83 NOTE
r-devel-linux-x86_64-fedora-gcc 0.8.6 128.49 NOTE
r-devel-windows-x86_64-new-UL 0.8.6 26.00 125.00 151.00 NOTE
r-devel-windows-x86_64-new-TK 0.8.6 NOTE
r-devel-windows-x86_64-old 0.8.6 20.00 77.00 97.00 NOTE
r-patched-linux-x86_64 0.8.6 18.90 84.85 103.75 NOTE
r-patched-solaris-x86 0.8.6 186.60 NOTE
r-release-linux-x86_64 0.8.6 15.08 84.67 99.75 NOTE
r-release-macos-arm64 0.8.6 NOTE
r-release-macos-x86_64 0.8.6 NOTE
r-release-windows-ix86+x86_64 0.8.6 25.00 79.00 104.00 NOTE
r-oldrel-macos-x86_64 0.8.6 OK
r-oldrel-windows-ix86+x86_64 0.8.6 18.00 71.00 89.00 OK

Check Details

Version: 0.8.6
Check: LazyData
Result: NOTE
     'LazyData' is specified without a 'data' directory
Flavors: r-devel-linux-x86_64-debian-clang, r-devel-linux-x86_64-debian-gcc, r-devel-linux-x86_64-fedora-clang, r-devel-linux-x86_64-fedora-gcc, r-devel-windows-x86_64-new-UL, r-devel-windows-x86_64-new-TK, r-devel-windows-x86_64-old, r-patched-linux-x86_64, r-patched-solaris-x86, r-release-linux-x86_64, r-release-macos-arm64, r-release-macos-x86_64, r-release-windows-ix86+x86_64

Version: 0.8.6
Check: Rd cross-references
Result: NOTE
    Undeclared package ‘moments’ in Rd xrefs
Flavor: r-devel-linux-x86_64-fedora-clang