CRAN Package Check Results for Package idm

Last updated on 2021-09-20 20:48:44 CEST.

Flavor Version Tinstall Tcheck Ttotal Status Flags
r-devel-linux-x86_64-debian-clang 1.8.2 8.20 72.79 80.99 OK
r-devel-linux-x86_64-debian-gcc 1.8.2 5.96 54.23 60.19 OK
r-devel-linux-x86_64-fedora-clang 1.8.2 105.81 OK
r-devel-linux-x86_64-fedora-gcc 1.8.2 92.27 OK
r-devel-windows-x86_64 1.8.2 9.00 70.00 79.00 OK
r-devel-windows-x86_64-gcc10-UCRT 1.8.2 ERROR
r-patched-linux-x86_64 1.8.2 6.80 68.94 75.74 OK
r-patched-solaris-x86 1.8.2 127.60 OK
r-release-linux-x86_64 1.8.2 5.98 68.29 74.27 OK
r-release-macos-arm64 1.8.2 OK
r-release-macos-x86_64 1.8.2 OK
r-release-windows-ix86+x86_64 1.8.2 17.00 65.00 82.00 OK
r-oldrel-macos-x86_64 1.8.2 OK
r-oldrel-windows-ix86+x86_64 1.8.2 19.00 73.00 92.00 OK

Check Details

Version: 1.8.2
Check: whether package can be installed
Result: WARN
    Found the following significant warnings:
     WARNING: installation-time patches will not be applied, could not get the patches index
Flavor: r-devel-windows-x86_64-gcc10-UCRT

Version: 1.8.2
Check: PDF version of manual
Result: WARN
    LaTeX errors when creating PDF version.
    This typically indicates Rd problems.
Flavor: r-devel-windows-x86_64-gcc10-UCRT

Version: 1.8.2
Check: PDF version of manual without hyperrefs or index
Result: ERROR
    Re-running with no redirection of stdout/stderr.
Flavor: r-devel-windows-x86_64-gcc10-UCRT