CRAN Package Check Results for Package icr

Last updated on 2019-10-21 09:51:15 CEST.

Flavor Version Tinstall Tcheck Ttotal Status Flags
r-devel-linux-x86_64-debian-clang 0.6.0 30.32 26.18 56.50 OK
r-devel-linux-x86_64-debian-gcc 0.6.0 19.76 21.29 41.05 OK
r-devel-linux-x86_64-fedora-clang 0.6.0 74.70 NOTE
r-devel-linux-x86_64-fedora-gcc 0.6.0 67.49 NOTE
r-devel-windows-ix86+x86_64 0.6.0 54.00 81.00 135.00 OK
r-patched-linux-x86_64 0.6.0 21.58 25.80 47.38 OK
r-patched-solaris-x86 0.6.0 74.20 OK
r-release-linux-x86_64 0.6.0 22.39 25.93 48.32 OK
r-release-windows-ix86+x86_64 0.6.0 72.00 56.00 128.00 OK
r-release-osx-x86_64 0.6.0 OK
r-oldrel-windows-ix86+x86_64 0.6.0 48.00 52.00 100.00 OK
r-oldrel-osx-x86_64 0.6.0 OK

Check Details

Version: 0.6.0
Check: top-level files
Result: NOTE
    ‘cleanup’: /bin/bash is not portable
Flavors: r-devel-linux-x86_64-fedora-clang, r-devel-linux-x86_64-fedora-gcc