CRAN Package Check Results for Package icosa

Last updated on 2021-11-30 07:49:54 CET.

Flavor Version Tinstall Tcheck Ttotal Status Flags
r-devel-linux-x86_64-debian-clang 0.10.1 46.58 260.25 306.83 OK
r-devel-linux-x86_64-debian-gcc 0.10.1 36.25 192.82 229.07 OK
r-devel-linux-x86_64-fedora-clang 0.10.1 405.03 OK
r-devel-linux-x86_64-fedora-gcc 0.10.1 371.45 OK
r-devel-windows-x86_64-new-UL 0.10.1 76.00 190.00 266.00 OK --no-vignettes
r-devel-windows-x86_64-new-TK 0.10.1 WARN
r-devel-windows-x86_64-old 0.10.1 62.00 92.00 154.00 OK --no-vignettes
r-patched-linux-x86_64 0.10.1 42.18 239.26 281.44 OK
r-patched-solaris-x86 0.10.1 201.60 OK
r-release-linux-x86_64 0.10.1 42.63 241.78 284.41 OK
r-release-macos-arm64 0.10.1 OK
r-release-macos-x86_64 0.10.1 OK
r-release-windows-ix86+x86_64 0.10.1 112.00 128.00 240.00 OK --no-vignettes
r-oldrel-macos-x86_64 0.10.1 OK
r-oldrel-windows-ix86+x86_64 0.10.1 82.00 192.00 274.00 OK --no-vignettes

Check Details

Version: 0.10.1
Check: for missing documentation entries
Result: WARN
    Undocumented S4 methods:
     generic 'values<-' and siglist 'gridlayer,ANY'
    All user-level objects in a package (including S4 classes and methods)
    should have documentation entries.
    See chapter 'Writing R documentation files' in the 'Writing R
    Extensions' manual.
Flavor: r-devel-windows-x86_64-new-TK

Version: 0.10.1
Check: re-building of vignette outputs
Result: WARN
    Error(s) in re-building vignettes:
    --- re-building 'icosa.Rmd' using rmarkdown
    Warning in snapshot3d(paste0(name, ".png")) :
     webshot = TRUE requires the webshot2 package; using rgl.snapshot() instead
    Warning in snapshot3d(paste0(name, ".png")) :
     webshot = TRUE requires the webshot2 package; using rgl.snapshot() instead
    Warning in snapshot3d(paste0(name, ".png")) :
     webshot = TRUE requires the webshot2 package; using rgl.snapshot() instead
    Warning in snapshot3d(paste0(name, ".png")) :
     webshot = TRUE requires the webshot2 package; using rgl.snapshot() instead
    Warning in snapshot3d(paste0(name, ".png")) :
     webshot = TRUE requires the webshot2 package; using rgl.snapshot() instead
    Warning in snapshot3d(paste0(name, ".png")) :
     webshot = TRUE requires the webshot2 package; using rgl.snapshot() instead
    Warning in snapshot3d(paste0(name, ".png")) :
     webshot = TRUE requires the webshot2 package; using rgl.snapshot() instead
    Warning in snapshot3d(paste0(name, ".png")) :
     webshot = TRUE requires the webshot2 package; using rgl.snapshot() instead
    Warning in snapshot3d(paste0(name, ".png")) :
     webshot = TRUE requires the webshot2 package; using rgl.snapshot() instead
    Warning in snapshot3d(paste0(name, ".png")) :
     webshot = TRUE requires the webshot2 package; using rgl.snapshot() instead
    Warning in snapshot3d(paste0(name, ".png")) :
     webshot = TRUE requires the webshot2 package; using rgl.snapshot() instead
    Warning in oldviewport$viewport * newsize :
     NAs produced by integer overflow
    Warning in snapshot3d(paste0(name, ".png")) :
     webshot = TRUE requires the webshot2 package; using rgl.snapshot() instead
    Quitting from lines 318-326 (icosa.Rmd)
    Error: processing vignette 'icosa.Rmd' failed with diagnostics:
    missing value where TRUE/FALSE needed
    --- failed re-building 'icosa.Rmd'
    
    SUMMARY: processing the following file failed:
     'icosa.Rmd'
    
    Error: Vignette re-building failed.
    In addition: Warning messages:
    1: In snapshot3d(paste0(name, ".png")) :
     webshot = TRUE requires the webshot2 package; using rgl.snapshot() instead
    2: In oldviewport$viewport * newsize : NAs produced by integer overflow
    3: In snapshot3d(paste0(name, ".png")) :
     webshot = TRUE requires the webshot2 package; using rgl.snapshot() instead
    4: In snapshot3d(paste0(name, ".png")) :
     webshot = TRUE requires the webshot2 package; using rgl.snapshot() instead
    5: In snapshot3d(paste0(name, ".png")) :
     webshot = TRUE requires the webshot2 package; using rgl.snapshot() instead
    Execution halted
Flavor: r-devel-windows-x86_64-new-TK