CRAN Package Check Results for Package icenReg

Last updated on 2020-05-29 10:47:24 CEST.

Flavor Version Tinstall Tcheck Ttotal Status Flags
r-devel-linux-x86_64-debian-clang 2.0.14 78.53 159.91 238.44 OK
r-devel-linux-x86_64-debian-gcc 2.0.14 61.77 118.26 180.03 OK
r-devel-linux-x86_64-fedora-clang 2.0.14 320.46 NOTE
r-devel-linux-x86_64-fedora-gcc 2.0.14 303.48 OK
r-devel-windows-ix86+x86_64 2.0.13 147.00 331.00 478.00 OK
r-patched-linux-x86_64 2.0.13 69.15 158.82 227.97 OK
r-patched-solaris-x86 2.0.14 379.00 OK
r-release-linux-x86_64 2.0.14 68.09 162.87 230.96 OK
r-release-osx-x86_64 2.0.13 NOTE
r-release-windows-ix86+x86_64 2.0.13 132.00 360.00 492.00 OK
r-oldrel-osx-x86_64 2.0.14 NOTE
r-oldrel-windows-ix86+x86_64 2.0.14 143.00 362.00 505.00 OK

Check Details

Version: 2.0.14
Check: installed package size
Result: NOTE
     installed size is 15.7Mb
     sub-directories of 1Mb or more:
     libs 14.3Mb
Flavors: r-devel-linux-x86_64-fedora-clang, r-oldrel-osx-x86_64

Version: 2.0.13
Check: installed package size
Result: NOTE
     installed size is 16.8Mb
     sub-directories of 1Mb or more:
     libs 15.4Mb
Flavor: r-release-osx-x86_64