CRAN Package Check Results for Package icenReg

Last updated on 2019-11-13 09:47:18 CET.

Flavor Version Tinstall Tcheck Ttotal Status Flags
r-devel-linux-x86_64-debian-clang 2.0.11 68.22 152.35 220.57 OK
r-devel-linux-x86_64-debian-gcc 2.0.11 56.08 111.54 167.62 OK
r-devel-linux-x86_64-fedora-clang 2.0.11 291.80 NOTE
r-devel-linux-x86_64-fedora-gcc 2.0.11 282.57 OK
r-devel-windows-ix86+x86_64 2.0.11 110.00 360.00 470.00 OK
r-patched-linux-x86_64 2.0.11 60.59 149.06 209.65 OK
r-patched-solaris-x86 2.0.11 365.70 OK
r-release-linux-x86_64 2.0.11 62.11 146.89 209.00 OK
r-release-windows-ix86+x86_64 2.0.11 127.00 345.00 472.00 OK
r-release-osx-x86_64 2.0.11 NOTE
r-oldrel-windows-ix86+x86_64 2.0.11 97.00 292.00 389.00 OK
r-oldrel-osx-x86_64 2.0.11 NOTE

Check Details

Version: 2.0.11
Check: installed package size
Result: NOTE
     installed size is 15.1Mb
     sub-directories of 1Mb or more:
     libs 13.7Mb
Flavors: r-devel-linux-x86_64-fedora-clang, r-release-osx-x86_64, r-oldrel-osx-x86_64