CRAN Package Check Results for Package icdGLM

Last updated on 2021-09-20 08:50:21 CEST.

Flavor Version Tinstall Tcheck Ttotal Status Flags
r-devel-linux-x86_64-debian-clang 1.0.0 7.41 60.13 67.54 OK
r-devel-linux-x86_64-debian-gcc 1.0.0 5.80 46.87 52.67 OK
r-devel-linux-x86_64-fedora-clang 1.0.0 89.48 OK
r-devel-linux-x86_64-fedora-gcc 1.0.0 79.83 OK
r-devel-windows-x86_64 1.0.0 9.00 63.00 72.00 OK
r-devel-windows-x86_64-gcc10-UCRT 1.0.0 ERROR
r-patched-linux-x86_64 1.0.0 7.58 58.76 66.34 OK
r-patched-solaris-x86 1.0.0 116.90 OK
r-release-linux-x86_64 1.0.0 6.81 58.70 65.51 OK
r-release-macos-arm64 1.0.0 OK
r-release-macos-x86_64 1.0.0 OK
r-release-windows-ix86+x86_64 1.0.0 15.00 59.00 74.00 OK
r-oldrel-macos-x86_64 1.0.0 OK
r-oldrel-windows-ix86+x86_64 1.0.0 15.00 65.00 80.00 OK

Check Details

Version: 1.0.0
Check: whether package can be installed
Result: WARN
    Found the following significant warnings:
     WARNING: installation-time patches will not be applied, could not get the patches index
Flavor: r-devel-windows-x86_64-gcc10-UCRT

Version: 1.0.0
Check: PDF version of manual
Result: WARN
    LaTeX errors when creating PDF version.
    This typically indicates Rd problems.
Flavor: r-devel-windows-x86_64-gcc10-UCRT

Version: 1.0.0
Check: PDF version of manual without hyperrefs or index
Result: ERROR
    Re-running with no redirection of stdout/stderr.
Flavor: r-devel-windows-x86_64-gcc10-UCRT