CRAN Package Check Results for Package icd.data

Last updated on 2022-08-08 21:53:15 CEST.

Flavor Version Tinstall Tcheck Ttotal Status Flags
r-devel-linux-x86_64-debian-clang 1.0 58.89 36.81 95.70 NOTE
r-devel-linux-x86_64-debian-gcc 1.0 51.29 30.09 81.38 NOTE
r-devel-linux-x86_64-fedora-clang 1.0 143.75 NOTE
r-devel-linux-x86_64-fedora-gcc 1.0 142.61 NOTE
r-devel-windows-x86_64 1.0 60.00 63.00 123.00 NOTE
r-patched-linux-x86_64 1.0 63.07 37.60 100.67 NOTE
r-release-linux-x86_64 1.0 NOTE
r-release-macos-arm64 1.0 60.00 NOTE
r-release-macos-x86_64 1.0 61.00 NOTE
r-release-windows-x86_64 1.0 59.00 64.00 123.00 NOTE
r-oldrel-macos-arm64 1.0 72.00 NOTE
r-oldrel-macos-x86_64 1.0 107.00 NOTE
r-oldrel-windows-ix86+x86_64 1.0 83.00 63.00 146.00 OK

Check Details

Version: 1.0
Check: package dependencies
Result: NOTE
    Package suggested but not available for checking: 'icd'
Flavors: r-devel-linux-x86_64-debian-clang, r-devel-linux-x86_64-debian-gcc, r-devel-linux-x86_64-fedora-clang, r-devel-linux-x86_64-fedora-gcc, r-devel-windows-x86_64, r-patched-linux-x86_64, r-release-linux-x86_64, r-release-macos-arm64, r-release-macos-x86_64, r-release-windows-x86_64, r-oldrel-macos-arm64, r-oldrel-macos-x86_64

Version: 1.0
Check: data for non-ASCII characters
Result: NOTE
     Note: found 55 marked UTF-8 strings
Flavors: r-devel-linux-x86_64-fedora-clang, r-devel-linux-x86_64-fedora-gcc, r-release-macos-arm64, r-release-macos-x86_64, r-oldrel-macos-arm64, r-oldrel-macos-x86_64

Version: 1.0
Check: installed package size
Result: NOTE
     installed size is 5.1Mb
     sub-directories of 1Mb or more:
     data 5.0Mb
Flavors: r-release-macos-arm64, r-oldrel-macos-arm64