CRAN Package Check Results for Package ica

Last updated on 2020-07-14 09:50:33 CEST.

Flavor Version Tinstall Tcheck Ttotal Status Flags
r-devel-linux-x86_64-debian-clang 1.0-2 3.74 24.07 27.81 OK
r-devel-linux-x86_64-debian-gcc 1.0-2 2.96 18.75 21.71 OK
r-devel-linux-x86_64-fedora-clang 1.0-2 42.96 OK
r-devel-linux-x86_64-fedora-gcc 1.0-2 34.70 OK
r-devel-windows-ix86+x86_64 1.0-2 10.00 53.00 63.00 OK
r-patched-linux-x86_64 1.0-2 3.18 24.10 27.28 OK
r-patched-solaris-x86 1.0-2 49.70 OK
r-release-linux-x86_64 1.0-2 3.24 24.34 27.58 OK
r-release-macos-x86_64 1.0-2 ERROR
r-release-windows-ix86+x86_64 1.0-2 8.00 34.00 42.00 OK
r-oldrel-macos-x86_64 1.0-2 OK
r-oldrel-windows-ix86+x86_64 1.0-2 6.00 44.00 50.00 OK

Check Details

Version: 1.0-2
Check: whether package can be installed
Result: ERROR
    Installation failed.
Flavor: r-release-macos-x86_64