CRAN Package Check Results for Package ic.infer

Last updated on 2022-01-18 20:50:40 CET.

Flavor Version Tinstall Tcheck Ttotal Status Flags
r-devel-linux-x86_64-debian-clang 1.1-6 6.76 98.85 105.61 NOTE
r-devel-linux-x86_64-debian-gcc 1.1-6 5.02 76.52 81.54 NOTE
r-devel-linux-x86_64-fedora-clang 1.1-6 131.39 NOTE
r-devel-linux-x86_64-fedora-gcc 1.1-6 120.87 NOTE
r-devel-windows-x86_64-new-UL 1.1-6 42.00 146.00 188.00 NOTE
r-devel-windows-x86_64-new-TK 1.1-6 NOTE
r-patched-linux-x86_64 1.1-6 6.47 97.53 104.00 NOTE
r-release-linux-x86_64 1.1-6 NOTE
r-release-macos-arm64 1.1-6 NOTE
r-release-macos-x86_64 1.1-6 NOTE
r-release-windows-ix86+x86_64 1.1-6 14.00 127.00 141.00 NOTE
r-oldrel-macos-x86_64 1.1-6 OK
r-oldrel-windows-ix86+x86_64 1.1-6 14.00 123.00 137.00 OK

Check Details

Version: 1.1-6
Check: LazyData
Result: NOTE
     'LazyData' is specified without a 'data' directory
Flavors: r-devel-linux-x86_64-debian-clang, r-devel-linux-x86_64-debian-gcc, r-devel-linux-x86_64-fedora-clang, r-devel-linux-x86_64-fedora-gcc, r-devel-windows-x86_64-new-UL, r-devel-windows-x86_64-new-TK, r-patched-linux-x86_64, r-release-linux-x86_64, r-release-macos-arm64, r-release-macos-x86_64, r-release-windows-ix86+x86_64