CRAN Package Check Results for Package ibmdbR

Last updated on 2024-02-24 19:50:41 CET.

Flavor Version Tinstall Tcheck Ttotal Status Flags
r-devel-linux-x86_64-debian-clang 1.51.0 21.29 131.21 152.50 NOTE
r-devel-linux-x86_64-debian-gcc 1.51.0 17.13 97.86 114.99 NOTE
r-devel-linux-x86_64-fedora-clang 1.51.0 188.28 NOTE
r-devel-linux-x86_64-fedora-gcc 1.51.0 195.07 NOTE
r-devel-windows-x86_64 1.51.0 19.00 119.00 138.00 NOTE
r-patched-linux-x86_64 1.51.0 27.98 129.31 157.29 NOTE
r-release-linux-x86_64 1.51.0 18.91 128.10 147.01 NOTE
r-release-macos-arm64 1.51.0 63.00 NOTE
r-release-macos-x86_64 1.51.0 236.00 NOTE
r-release-windows-x86_64 1.51.0 26.00 142.00 168.00 NOTE
r-oldrel-macos-arm64 1.51.0 56.00 NOTE
r-oldrel-windows-x86_64 1.51.0 26.00 143.00 169.00 NOTE

Check Details

Version: 1.51.0
Check: package dependencies
Result: NOTE Package suggested but not available for checking: ‘SparkR’ Flavors: r-devel-linux-x86_64-debian-clang, r-devel-linux-x86_64-debian-gcc, r-devel-linux-x86_64-fedora-clang, r-devel-linux-x86_64-fedora-gcc, r-devel-windows-x86_64, r-patched-linux-x86_64, r-release-linux-x86_64, r-release-macos-arm64, r-release-macos-x86_64, r-release-windows-x86_64, r-oldrel-macos-arm64, r-oldrel-windows-x86_64