CRAN Package Check Results for Package ibb

Last updated on 2024-03-02 19:50:20 CET.

Flavor Version Tinstall Tcheck Ttotal Status Flags
r-devel-linux-x86_64-debian-clang 0.0.2 2.97 32.00 34.97 OK
r-devel-linux-x86_64-debian-gcc 0.0.2 2.52 24.57 27.09 OK
r-devel-linux-x86_64-fedora-clang 0.0.2 43.26 NOTE
r-devel-linux-x86_64-fedora-gcc 0.0.2 41.35 NOTE
r-devel-windows-x86_64 0.0.2 5.00 48.00 53.00 OK
r-patched-linux-x86_64 0.0.2 2.79 30.98 33.77 OK
r-release-linux-x86_64 0.0.2 2.34 30.81 33.15 OK
r-release-macos-arm64 0.0.2 25.00 OK
r-release-macos-x86_64 0.0.2 26.00 OK
r-release-windows-x86_64 0.0.2 6.00 52.00 58.00 OK
r-oldrel-macos-arm64 0.0.2 19.00 NOTE
r-oldrel-windows-x86_64 0.0.2 5.00 59.00 64.00 OK

Check Details

Version: 0.0.2
Check: data for non-ASCII characters
Result: NOTE Note: found 359 marked UTF-8 strings Flavors: r-devel-linux-x86_64-fedora-clang, r-devel-linux-x86_64-fedora-gcc, r-oldrel-macos-arm64