CRAN Package Check Results for Package ibawds

Last updated on 2024-02-28 07:53:44 CET.

Flavor Version Tinstall Tcheck Ttotal Status Flags
r-devel-linux-x86_64-debian-clang 0.5.0 4.35 54.02 58.37 OK
r-devel-linux-x86_64-debian-gcc 0.5.0 3.34 40.20 43.54 OK
r-devel-linux-x86_64-fedora-clang 0.5.0 75.06 NOTE
r-devel-linux-x86_64-fedora-gcc 0.5.0 68.42 NOTE
r-devel-windows-x86_64 0.5.0 5.00 107.00 112.00 OK
r-patched-linux-x86_64 0.5.0 3.59 51.70 55.29 OK
r-release-linux-x86_64 0.5.0 3.99 50.88 54.87 OK
r-release-macos-arm64 0.5.0 28.00 OK
r-release-macos-x86_64 0.5.0 40.00 OK
r-release-windows-x86_64 0.5.0 6.00 113.00 119.00 OK
r-oldrel-macos-arm64 0.5.0 24.00 NOTE
r-oldrel-windows-x86_64 0.5.0 6.00 115.00 121.00 OK

Check Details

Version: 0.5.0
Check: data for non-ASCII characters
Result: NOTE Note: found 1 marked UTF-8 string Flavors: r-devel-linux-x86_64-fedora-clang, r-devel-linux-x86_64-fedora-gcc, r-oldrel-macos-arm64