CRAN Package Check Results for Package hypothesestest

Last updated on 2021-09-21 08:49:47 CEST.

Flavor Version Tinstall Tcheck Ttotal Status Flags
r-devel-linux-x86_64-debian-clang 1.0 2.46 23.27 25.73 NOTE
r-devel-linux-x86_64-debian-gcc 1.0 1.77 18.60 20.37 NOTE
r-devel-linux-x86_64-fedora-clang 1.0 39.90 NOTE
r-devel-linux-x86_64-fedora-gcc 1.0 30.54 NOTE
r-devel-windows-x86_64 1.0 3.00 26.00 29.00 NOTE
r-devel-windows-x86_64-gcc10-UCRT 1.0 ERROR
r-patched-linux-x86_64 1.0 2.53 22.90 25.43 NOTE
r-patched-solaris-x86 1.0 44.50 NOTE
r-release-linux-x86_64 1.0 2.23 22.91 25.14 NOTE
r-release-macos-arm64 1.0 NOTE
r-release-macos-x86_64 1.0 NOTE
r-release-windows-ix86+x86_64 1.0 5.00 27.00 32.00 NOTE
r-oldrel-macos-x86_64 1.0 NOTE
r-oldrel-windows-ix86+x86_64 1.0 4.00 27.00 31.00 NOTE

Check Details

Version: 1.0
Check: R code for possible problems
Result: NOTE
    conint: no visible global function definition for 'sd'
    findroot: no visible global function definition for 'integrate'
    hypothesis: no visible global function definition for 'sd'
    hypothesis: no visible global function definition for 'integrate'
    Undefined global functions or variables:
     integrate sd
    Consider adding
     importFrom("stats", "integrate", "sd")
    to your NAMESPACE file.
Flavors: r-devel-linux-x86_64-debian-clang, r-devel-linux-x86_64-debian-gcc, r-devel-linux-x86_64-fedora-clang, r-devel-linux-x86_64-fedora-gcc, r-devel-windows-x86_64, r-devel-windows-x86_64-gcc10-UCRT, r-patched-linux-x86_64, r-patched-solaris-x86, r-release-linux-x86_64, r-release-macos-arm64, r-release-macos-x86_64, r-release-windows-ix86+x86_64, r-oldrel-macos-x86_64, r-oldrel-windows-ix86+x86_64

Version: 1.0
Check: Rd line widths
Result: NOTE
    Rd file 'conint.Rd':
     \usage lines wider than 90 characters:
     conint(TrnX = NULL, TrnY = NULL, m, n1, n2, s1, s2, side = "both", alpha = 0.95, method = "n")
    
    Rd file 'hypothesis-package.Rd':
     \examples lines wider than 100 characters:
     hypothesis(TrnX=c(3,4,5),TrnY=c(4,5,6),m,u0=4,3,3,s1=NULL,s2=NULL,sigma1=NULL,sigma2=NULL,alpha=0.05,method="n",H0="u=u0",p)
    
    Rd file 'hypothesis.Rd':
     \usage lines wider than 90 characters:
     hypothesis(TrnX = NULL, TrnY = NULL, m, u0, n1, n2, s1 = NULL, s2 = NULL, sigma1 = NULL, sigma2 = NULL, alpha = 0.05, method = "n", H0 ... [TRUNCATED]
     \examples lines wider than 100 characters:
     hypothesis(TrnX=c(3,4,5),TrnY=c(4,5,6),m,u0=4,3,3,s1=NULL,s2=NULL,sigma1=NULL,sigma2=NULL,alpha=0.05,method="n",H0="u=u0",p)
    
    These lines will be truncated in the PDF manual.
Flavors: r-devel-linux-x86_64-debian-clang, r-devel-linux-x86_64-debian-gcc, r-devel-linux-x86_64-fedora-clang, r-devel-linux-x86_64-fedora-gcc, r-patched-linux-x86_64, r-release-linux-x86_64

Version: 1.0
Check: whether package can be installed
Result: WARN
    Found the following significant warnings:
     WARNING: installation-time patches will not be applied, could not get the patches index
Flavor: r-devel-windows-x86_64-gcc10-UCRT

Version: 1.0
Check: PDF version of manual
Result: WARN
    LaTeX errors when creating PDF version.
    This typically indicates Rd problems.
Flavor: r-devel-windows-x86_64-gcc10-UCRT

Version: 1.0
Check: PDF version of manual without hyperrefs or index
Result: ERROR
    Re-running with no redirection of stdout/stderr.
Flavor: r-devel-windows-x86_64-gcc10-UCRT