CRAN Package Check Results for Package hydroTSM

Last updated on 2020-10-27 10:48:10 CET.

Flavor Version Tinstall Tcheck Ttotal Status Flags
r-devel-linux-x86_64-debian-clang 0.6-0 12.76 99.57 112.33 OK
r-devel-linux-x86_64-debian-gcc 0.6-0 8.93 75.77 84.70 OK
r-devel-linux-x86_64-fedora-clang 0.6-0 140.99 NOTE
r-devel-linux-x86_64-fedora-gcc 0.6-0 139.90 OK
r-devel-windows-ix86+x86_64 0.6-0 31.00 180.00 211.00 OK
r-patched-linux-x86_64 0.6-0 OK
r-patched-solaris-x86 0.6-0 185.90 OK
r-release-linux-x86_64 0.6-0 11.43 93.40 104.83 OK
r-release-macos-x86_64 0.6-0 OK
r-release-windows-ix86+x86_64 0.6-0 21.00 136.00 157.00 OK
r-oldrel-macos-x86_64 0.6-0 OK
r-oldrel-windows-ix86+x86_64 0.6-0 25.00 180.00 205.00 OK

Check Details

Version: 0.6-0
Check: Rd cross-references
Result: NOTE
    Undeclared package ‘rgdal’ in Rd xrefs
Flavor: r-devel-linux-x86_64-fedora-clang