CRAN Package Check Results for Package hydroPSO

Last updated on 2020-11-28 19:47:02 CET.

Flavor Version Tinstall Tcheck Ttotal Status Flags
r-devel-linux-x86_64-debian-clang 0.5-1 28.64 168.27 196.91 OK
r-devel-linux-x86_64-debian-gcc 0.5-1 18.57 126.91 145.48 OK
r-devel-linux-x86_64-fedora-clang 0.5-1 249.72 OK
r-devel-linux-x86_64-fedora-gcc 0.5-1 231.42 OK
r-devel-windows-ix86+x86_64 0.5-1 74.00 166.00 240.00 OK
r-patched-linux-x86_64 0.5-1 26.40 165.50 191.90 OK
r-patched-solaris-x86 0.5-1 310.20 OK
r-release-linux-x86_64 0.5-1 26.85 157.13 183.98 OK
r-release-macos-x86_64 0.5-1 OK
r-release-windows-ix86+x86_64 0.5-1 36.00 183.00 219.00 OK
r-oldrel-macos-x86_64 0.5-1 WARN
r-oldrel-windows-ix86+x86_64 0.5-1 40.00 222.00 262.00 OK

Check Details

Version: 0.5-1
Check: dependencies in R code
Result: NOTE
    No protocol specified
    No protocol specified
Flavor: r-oldrel-macos-x86_64

Version: 0.5-1
Check: S3 generic/method consistency
Result: WARN
    No protocol specified
    No protocol specified
    See section ‘Generic functions and methods’ in the ‘Writing R
    Extensions’ manual.
Flavor: r-oldrel-macos-x86_64

Version: 0.5-1
Check: replacement functions
Result: WARN
    No protocol specified
    No protocol specified
    The argument of a replacement function which corresponds to the right
    hand side must be named ‘value’.
Flavor: r-oldrel-macos-x86_64

Version: 0.5-1
Check: foreign function calls
Result: NOTE
    No protocol specified
    No protocol specified
    See chapter ‘System and foreign language interfaces’ in the ‘Writing R
    Extensions’ manual.
Flavor: r-oldrel-macos-x86_64

Version: 0.5-1
Check: R code for possible problems
Result: NOTE
    No protocol specified
    No protocol specified
Flavor: r-oldrel-macos-x86_64

Version: 0.5-1
Check: for missing documentation entries
Result: WARN
    No protocol specified
    No protocol specified
    All user-level objects in a package should have documentation entries.
    See chapter ‘Writing R documentation files’ in the ‘Writing R
    Extensions’ manual.
Flavor: r-oldrel-macos-x86_64

Version: 0.5-1
Check: for code/documentation mismatches
Result: WARN
    No protocol specified
    No protocol specified
    No protocol specified
    No protocol specified
    No protocol specified
    No protocol specified
Flavor: r-oldrel-macos-x86_64

Version: 0.5-1
Check: Rd \usage sections
Result: NOTE
    No protocol specified
    No protocol specified
    The \usage entries for S3 methods should use the \method markup and not
    their full name.
    See chapter ‘Writing R documentation files’ in the ‘Writing R
    Extensions’ manual.
Flavor: r-oldrel-macos-x86_64