CRAN Package Check Results for Package hwwntest

Last updated on 2021-09-20 08:50:20 CEST.

Flavor Version Tinstall Tcheck Ttotal Status Flags
r-devel-linux-x86_64-debian-clang 1.3.1 2.89 37.15 40.04 OK
r-devel-linux-x86_64-debian-gcc 1.3.1 2.68 28.70 31.38 OK
r-devel-linux-x86_64-fedora-clang 1.3.1 57.08 OK
r-devel-linux-x86_64-fedora-gcc 1.3.1 48.34 OK
r-devel-windows-x86_64 1.3.1 5.00 45.00 50.00 OK
r-devel-windows-x86_64-gcc10-UCRT 1.3.1 ERROR
r-patched-linux-x86_64 1.3.1 3.51 35.99 39.50 OK
r-patched-solaris-x86 1.3.1 71.50 OK
r-release-linux-x86_64 1.3.1 3.17 35.53 38.70 OK
r-release-macos-arm64 1.3.1 OK
r-release-macos-x86_64 1.3.1 OK
r-release-windows-ix86+x86_64 1.3.1 7.00 45.00 52.00 OK
r-oldrel-macos-x86_64 1.3.1 OK
r-oldrel-windows-ix86+x86_64 1.3.1 7.00 43.00 50.00 OK

Check Details

Version: 1.3.1
Check: whether package can be installed
Result: WARN
    Found the following significant warnings:
     WARNING: installation-time patches will not be applied, could not get the patches index
Flavor: r-devel-windows-x86_64-gcc10-UCRT

Version: 1.3.1
Check: PDF version of manual
Result: WARN
    LaTeX errors when creating PDF version.
    This typically indicates Rd problems.
Flavor: r-devel-windows-x86_64-gcc10-UCRT

Version: 1.3.1
Check: PDF version of manual without hyperrefs or index
Result: ERROR
    Re-running with no redirection of stdout/stderr.
Flavor: r-devel-windows-x86_64-gcc10-UCRT