CRAN Package Check Results for Package humanFormat

Last updated on 2021-12-03 07:50:21 CET.

Flavor Version Tinstall Tcheck Ttotal Status Flags
r-devel-linux-x86_64-debian-clang 1.0 2.12 24.47 26.59 NOTE
r-devel-linux-x86_64-debian-gcc 1.0 1.79 19.90 21.69 NOTE
r-devel-linux-x86_64-fedora-clang 1.0 44.28 NOTE
r-devel-linux-x86_64-fedora-gcc 1.0 33.28 NOTE
r-devel-windows-x86_64-new-UL 1.0 6.00 65.00 71.00 NOTE
r-devel-windows-x86_64-new-TK 1.0 NOTE
r-devel-windows-x86_64-old 1.0 4.00 31.00 35.00 NOTE
r-patched-linux-x86_64 1.0 2.35 23.58 25.93 NOTE
r-patched-solaris-x86 1.0 52.60 NOTE
r-release-linux-x86_64 1.0 2.21 23.95 26.16 NOTE
r-release-macos-arm64 1.0 NOTE
r-release-macos-x86_64 1.0 NOTE
r-release-windows-ix86+x86_64 1.0 5.00 48.00 53.00 NOTE
r-oldrel-macos-x86_64 1.0 NOTE
r-oldrel-windows-ix86+x86_64 1.0 5.00 43.00 48.00 NOTE

Check Details

Version: 1.0
Check: dependencies in R code
Result: NOTE
    Package in Depends field not imported from: 'testthat'
     These packages need to be imported from (in the NAMESPACE file)
     for when this namespace is loaded but not attached.
Flavors: r-devel-linux-x86_64-debian-clang, r-devel-linux-x86_64-debian-gcc, r-devel-linux-x86_64-fedora-clang, r-devel-linux-x86_64-fedora-gcc, r-devel-windows-x86_64-new-UL, r-devel-windows-x86_64-new-TK, r-devel-windows-x86_64-old, r-patched-linux-x86_64, r-patched-solaris-x86, r-release-linux-x86_64, r-release-macos-arm64, r-release-macos-x86_64, r-release-windows-ix86+x86_64, r-oldrel-macos-x86_64, r-oldrel-windows-ix86+x86_64