CRAN Package Check Results for Package httr

Last updated on 2020-01-19 08:47:47 CET.

Flavor Version Tinstall Tcheck Ttotal Status Flags
r-devel-linux-x86_64-debian-clang 1.4.1 7.86 53.25 61.11 OK
r-devel-linux-x86_64-debian-gcc 1.4.1 6.42 41.35 47.77 OK
r-devel-linux-x86_64-fedora-clang 1.4.1 75.22 OK
r-devel-linux-x86_64-fedora-gcc 1.4.1 73.83 OK
r-devel-windows-ix86+x86_64 1.4.1 20.00 115.00 135.00 OK
r-devel-windows-ix86+x86_64-gcc8 1.4.1 11.00 129.00 140.00 OK
r-patched-linux-x86_64 1.4.1 5.37 48.99 54.36 OK
r-patched-solaris-x86 1.4.1 76.10 ERROR
r-release-linux-x86_64 1.4.1 6.67 49.09 55.76 OK
r-release-windows-ix86+x86_64 1.4.1 19.00 104.00 123.00 OK
r-release-osx-x86_64 1.4.1 OK
r-oldrel-windows-ix86+x86_64 1.4.1 14.00 84.00 98.00 OK
r-oldrel-osx-x86_64 1.4.1 OK

Check Details

Version: 1.4.1
Check: tests
Result: ERROR
     Running ‘testthat.R’ [5s/60s]
    Running the tests in ‘tests/testthat.R’ failed.
    Complete output:
     > library(testthat)
     > test_check("httr")
     Loading required package: httr
     ── 1. Failure: if request_perform() throws an error, RETRY passes it on (@test-r
     `RETRY(...)` threw an error with unexpected message.
     Expected match: "resolve host"
     Actual message: "Could not resolve: 98d90a2a254647889e2e4c236fb576cd.com (Domain name not found)"
     Backtrace:
     1. testthat::expect_error(...)
     6. httr::RETRY(...)
    
     ══ testthat results ═══════════════════════════════════════════════════════════
     [ OK: 158 | SKIPPED: 2 | WARNINGS: 4 | FAILED: 1 ]
     1. Failure: if request_perform() throws an error, RETRY passes it on (@test-retry.R#18)
    
     Error: testthat unit tests failed
     Execution halted
Flavor: r-patched-solaris-x86