CRAN Package Check Results for Package htmlwidgets

Last updated on 2020-01-23 09:52:03 CET.

Flavor Version Tinstall Tcheck Ttotal Status Flags
r-devel-linux-x86_64-debian-clang 1.5.1 3.41 34.32 37.73 OK
r-devel-linux-x86_64-debian-gcc 1.5.1 2.95 27.77 30.72 OK
r-devel-linux-x86_64-fedora-clang 1.5.1 47.75 OK
r-devel-linux-x86_64-fedora-gcc 1.5.1 46.77 OK
r-devel-windows-ix86+x86_64 1.5.1 15.00 66.00 81.00 OK
r-devel-windows-ix86+x86_64-gcc8 1.5.1 12.00 48.00 60.00 OK
r-patched-linux-x86_64 1.5.1 3.09 31.73 34.82 OK
r-patched-solaris-x86 1.5.1 62.10 OK
r-release-linux-x86_64 1.5.1 2.87 31.95 34.82 OK
r-release-windows-ix86+x86_64 1.5.1 13.00 61.00 74.00 OK
r-release-osx-x86_64 1.5.1 OK
r-oldrel-windows-ix86+x86_64 1.5.1 5.00 41.00 46.00 WARN
r-oldrel-osx-x86_64 1.5.1 OK

Check Details

Version: 1.5.1
Check: whether package can be installed
Result: WARN
    Found the following significant warnings:
     Warning: S3 methods 'as.promise.Future', 'as.promise.default', 'as.promise.promise', 'format.promise', 'print.promise' were declared in NAMESPACE but not found
Flavor: r-oldrel-windows-ix86+x86_64