CRAN Package Check Results for Package htmldf

Last updated on 2021-11-30 07:49:54 CET.

Flavor Version Tinstall Tcheck Ttotal Status Flags
r-devel-linux-x86_64-debian-clang 0.4.0 11.56 96.64 108.20 OK
r-devel-linux-x86_64-debian-gcc 0.4.0 8.40 72.33 80.73 OK
r-devel-linux-x86_64-fedora-clang 0.4.0 142.09 OK
r-devel-linux-x86_64-fedora-gcc 0.4.0 127.50 OK
r-devel-windows-x86_64-new-UL 0.4.0 21.00 127.00 148.00 OK
r-devel-windows-x86_64-new-TK 0.4.0 OK
r-devel-windows-x86_64-old 0.4.0 20.00 86.00 106.00 OK
r-patched-linux-x86_64 0.4.0 10.59 90.27 100.86 OK
r-patched-solaris-x86 0.4.0 177.80 OK
r-release-linux-x86_64 0.4.0 8.63 89.45 98.08 ERROR
r-release-macos-arm64 0.4.0 OK
r-release-macos-x86_64 0.4.0 OK
r-release-windows-ix86+x86_64 0.4.0 27.00 86.00 113.00 OK
r-oldrel-macos-x86_64 0.4.0 OK
r-oldrel-windows-ix86+x86_64 0.4.0 19.00 87.00 106.00 OK

Check Details

Version: 0.4.0
Check: examples
Result: ERROR
    Running examples in ‘htmldf-Ex.R’ failed
    The error most likely occurred in:
    
    > base::assign(".ptime", proc.time(), pos = "CheckExEnv")
    > ### Name: html_df
    > ### Title: Get a tabular summary of webpage content from a vector of urls
    > ### Aliases: html_df
    >
    > ### ** Examples
    >
    > # Examples require an internet connection...
    > urlx <- c("https://github.com/alastairrushworth/htmldf",
    + "https://alastairrushworth.github.io/")
    > dl <- html_df(urlx)
    Error in fetch_page(urlx[i], max_size = max_size, time_out = time_out, :
     object 'hdr_url2' not found
    Calls: html_df -> fetch_page
    Execution halted
Flavor: r-release-linux-x86_64