CRAN Package Check Results for Package html5

Last updated on 2021-10-24 08:51:56 CEST.

Flavor Version Tinstall Tcheck Ttotal Status Flags
r-devel-linux-x86_64-debian-clang 0.1.0 6.78 48.05 54.83 NOTE
r-devel-linux-x86_64-debian-gcc 0.1.0 4.62 36.68 41.30 NOTE
r-devel-linux-x86_64-fedora-clang 0.1.0 77.92 NOTE
r-devel-linux-x86_64-fedora-gcc 0.1.0 66.22 NOTE
r-devel-windows-x86_64 0.1.0 10.00 67.00 77.00 NOTE
r-devel-windows-x86_64-gcc10-UCRT 0.1.0 NOTE
r-patched-linux-x86_64 0.1.0 8.83 46.46 55.29 NOTE
r-patched-solaris-x86 0.1.0 80.70 NOTE
r-release-linux-x86_64 0.1.0 5.27 46.32 51.59 NOTE
r-release-macos-arm64 0.1.0 NOTE
r-release-macos-x86_64 0.1.0 NOTE
r-release-windows-ix86+x86_64 0.1.0 11.00 51.00 62.00 NOTE
r-oldrel-macos-x86_64 0.1.0 OK
r-oldrel-windows-ix86+x86_64 0.1.0 8.00 57.00 65.00 OK

Check Details

Version: 0.1.0
Check: LazyData
Result: NOTE
     'LazyData' is specified without a 'data' directory
Flavors: r-devel-linux-x86_64-debian-clang, r-devel-linux-x86_64-debian-gcc, r-devel-linux-x86_64-fedora-clang, r-devel-linux-x86_64-fedora-gcc, r-devel-windows-x86_64, r-devel-windows-x86_64-gcc10-UCRT, r-patched-linux-x86_64, r-patched-solaris-x86, r-release-linux-x86_64, r-release-macos-arm64, r-release-macos-x86_64, r-release-windows-ix86+x86_64