CRAN Package Check Results for Package html2R

Last updated on 2021-12-04 07:50:23 CET.

Flavor Version Tinstall Tcheck Ttotal Status Flags
r-devel-linux-x86_64-debian-clang 0.1.0 3.92 42.56 46.48 NOTE
r-devel-linux-x86_64-debian-gcc 0.1.0 3.08 33.43 36.51 NOTE
r-devel-linux-x86_64-fedora-clang 0.1.0 57.80 NOTE
r-devel-linux-x86_64-fedora-gcc 0.1.0 45.98 NOTE
r-devel-windows-x86_64-new-UL 0.1.0 9.00 77.00 86.00 NOTE
r-devel-windows-x86_64-new-TK 0.1.0 NOTE
r-devel-windows-x86_64-old 0.1.0 8.00 41.00 49.00 NOTE
r-patched-linux-x86_64 0.1.0 4.01 32.54 36.55 NOTE
r-release-linux-x86_64 0.1.0 3.74 32.75 36.49 NOTE
r-release-macos-arm64 0.1.0 NOTE
r-release-macos-x86_64 0.1.0 NOTE
r-release-windows-ix86+x86_64 0.1.0 10.00 55.00 65.00 NOTE
r-oldrel-macos-x86_64 0.1.0 OK
r-oldrel-windows-ix86+x86_64 0.1.0 10.00 55.00 65.00 OK

Check Details

Version: 0.1.0
Check: LazyData
Result: NOTE
     'LazyData' is specified without a 'data' directory
Flavors: r-devel-linux-x86_64-debian-clang, r-devel-linux-x86_64-debian-gcc, r-devel-linux-x86_64-fedora-clang, r-devel-linux-x86_64-fedora-gcc, r-devel-windows-x86_64-new-UL, r-devel-windows-x86_64-new-TK, r-devel-windows-x86_64-old, r-patched-linux-x86_64, r-release-linux-x86_64, r-release-macos-arm64, r-release-macos-x86_64, r-release-windows-ix86+x86_64