CRAN Package Check Results for Package html2R

Last updated on 2023-06-05 21:59:08 CEST.

Flavor Version Tinstall Tcheck Ttotal Status Flags
r-devel-linux-x86_64-debian-clang 0.1.0 4.07 39.38 43.45 NOTE
r-devel-linux-x86_64-debian-gcc 0.1.0 3.83 30.45 34.28 NOTE
r-devel-linux-x86_64-fedora-clang 0.1.0 54.14 NOTE
r-devel-linux-x86_64-fedora-gcc 0.1.0 52.81 NOTE
r-devel-windows-x86_64 0.1.0 6.00 49.00 55.00 NOTE
r-patched-linux-x86_64 0.1.0 3.19 37.10 40.29 NOTE
r-release-linux-x86_64 0.1.0 3.23 37.34 40.57 NOTE
r-release-macos-arm64 0.1.0 24.00 NOTE
r-release-macos-x86_64 0.1.0 30.00 NOTE
r-release-windows-x86_64 0.1.0 8.00 52.00 60.00 NOTE
r-oldrel-macos-arm64 0.1.0 21.00 NOTE
r-oldrel-macos-x86_64 0.1.0 36.00 NOTE
r-oldrel-windows-x86_64 0.1.0 7.00 61.00 68.00 NOTE

Check Details

Version: 0.1.0
Check: LazyData
Result: NOTE
     'LazyData' is specified without a 'data' directory
Flavors: r-devel-linux-x86_64-debian-clang, r-devel-linux-x86_64-debian-gcc, r-devel-linux-x86_64-fedora-clang, r-devel-linux-x86_64-fedora-gcc, r-devel-windows-x86_64, r-patched-linux-x86_64, r-release-linux-x86_64, r-release-macos-arm64, r-release-macos-x86_64, r-release-windows-x86_64, r-oldrel-macos-arm64, r-oldrel-macos-x86_64, r-oldrel-windows-x86_64